{"id":3553,"date":"2018-04-05T16:01:18","date_gmt":"2018-04-05T19:01:18","guid":{"rendered":"https:\/\/www.kimarca.com.br\/site\/?post_type=product&#038;p=3553"},"modified":"2024-11-12T16:46:34","modified_gmt":"2024-11-12T19:46:34","slug":"saco-alvejado","status":"publish","type":"product","link":"https:\/\/www.kimarca.com.br\/site\/produto\/saco-alvejado\/","title":{"rendered":"Saco Alvejado"},"content":{"rendered":"<p>O Saco Duplo Alvejado Quadriculado\u00a0<b>\u00e9 um produto desenvolvido para limpeza em todos os tipos de ambientes<\/b>. \u00c9 um de primeira qualidade, produto 100% algod\u00e3o, n\u00e3o encolhe, n\u00e3o esfarrapa, resistente ao uso constante.<\/p>\n","protected":false},"excerpt":{"rendered":"<p>O Saco Duplo Alvejado Quadriculado\u00a0\u00e9 um produto desenvolvido para limpeza em todos os tipos de [&hellip;]<\/p>\n","protected":false},"featured_media":4811,"comment_status":"closed","ping_status":"closed","template":"","meta":[],"product_brand":[],"product_cat":[208,211],"product_tag":[],"class_list":{"0":"post-3553","1":"product","2":"type-product","3":"status-publish","4":"has-post-thumbnail","6":"product_cat-descartaveis","7":"product_cat-acessorios","9":"first","10":"instock","11":"shipping-taxable","12":"product-type-simple"},"_links":{"self":[{"href":"https:\/\/www.kimarca.com.br\/site\/wp-json\/wp\/v2\/product\/3553","targetHints":{"allow":["GET"]}}],"collection":[{"href":"https:\/\/www.kimarca.com.br\/site\/wp-json\/wp\/v2\/product"}],"about":[{"href":"https:\/\/www.kimarca.com.br\/site\/wp-json\/wp\/v2\/types\/product"}],"replies":[{"embeddable":true,"href":"https:\/\/www.kimarca.com.br\/site\/wp-json\/wp\/v2\/comments?post=3553"}],"wp:featuredmedia":[{"embeddable":true,"href":"https:\/\/www.kimarca.com.br\/site\/wp-json\/wp\/v2\/media\/4811"}],"wp:attachment":[{"href":"https:\/\/www.kimarca.com.br\/site\/wp-json\/wp\/v2\/media?parent=3553"}],"wp:term":[{"taxonomy":"product_brand","embeddable":true,"href":"https:\/\/www.kimarca.com.br\/site\/wp-json\/wp\/v2\/product_brand?post=3553"},{"taxonomy":"product_cat","embeddable":true,"href":"https:\/\/www.kimarca.com.br\/site\/wp-json\/wp\/v2\/product_cat?post=3553"},{"taxonomy":"product_tag","embeddable":true,"href":"https:\/\/www.kimarca.com.br\/site\/wp-json\/wp\/v2\/product_tag?post=3553"}],"curies":[{"name":"wp","href":"https:\/\/api.w.org\/{rel}","templated":true}]}}