{"id":3430,"date":"2018-04-04T14:39:35","date_gmt":"2018-04-04T17:39:35","guid":{"rendered":"https:\/\/www.kimarca.com.br\/site\/?post_type=product&#038;p=3430"},"modified":"2024-11-03T23:40:48","modified_gmt":"2024-11-04T02:40:48","slug":"protecao-facial-para-capacete","status":"publish","type":"product","link":"https:\/\/www.kimarca.com.br\/site\/produto\/protecao-facial-para-capacete\/","title":{"rendered":"PROTE\u00c7\u00c3O FACIAL PARA CAPACETE"},"content":{"rendered":"<p>Kit Protetor Facial com viseira em Policarbonato com diversos modelos e tamanhos, nas cores Cristal e Fume (Tonalidade 3). O equipamento \u00e9 constitu\u00eddo de um KIT composto de uma Testeira, Haste de articula\u00e7\u00e3o, Clip e Viseira. O Protetor Facial permite a substitui\u00e7\u00e3o das lentes por encaixe, estas sendo de diversos tamanhos, modelos e em duas cores: Cristal e Fume (Tonalidade 3).<\/p>\n<h2>Descri\u00e7\u00e3o<\/h2>\n<p><strong>Aplica\u00e7\u00e3o:<\/strong>\u00a0Prote\u00e7\u00e3o da face do usu\u00e1rio contra impactos de objetos, part\u00edculas volantes ao rosto, sendo utilizado juntamente com o capacete de prote\u00e7\u00e3o, o KIT Protetor Facial deve ser acoplado no Slot do Capacete.<\/p>\n<p><strong>Certificado de Aprova\u00e7\u00e3o:<\/strong><\/p>\n<p>Kit Protetor Facial Confort Cristal 8\u201d \u2013 CA38449<br \/>\nKit Protetor Facial Confort Fume 8\u201d \u2013 CA38449<br \/>\nKit Protetor Facial Confort Cristal 10\u201d \u2013 CA38449<br \/>\nKit Protetor Facial Confort Cristal 10\u201d \u2013 CA38449<\/p>\n<p>Kit Protetor Facial Ampla Vis\u00e3o Cristal 8\u2033 \u2013 CA38450<br \/>\nKit Protetor Facial Ampla Vis\u00e3o Fume 8\u2033 \u2013 CA38450<br \/>\nKit Protetor Facial Ampla Vis\u00e3o Cristal 9\u2033 \u2013 CA38450<br \/>\nKit Protetor Facial Ampla Vis\u00e3o Fume 9\u2033 \u2013 CA38450<\/p>\n<p>Kit Protetor Facial Ampla Vis\u00e3o Plus Cristal 10\u2033 \u2013 CA38451<br \/>\nKit Protetor Facial Ampla Vis\u00e3o Plus Fume 10\u2033 \u2013 CA38451<\/p>\n","protected":false},"excerpt":{"rendered":"<p>Kit Protetor Facial com viseira em Policarbonato com diversos modelos e tamanhos, nas cores Cristal [&hellip;]<\/p>\n","protected":false},"featured_media":3431,"comment_status":"closed","ping_status":"closed","template":"","meta":[],"product_brand":[],"product_cat":[220,207,211],"product_tag":[],"class_list":{"0":"post-3430","1":"product","2":"type-product","3":"status-publish","4":"has-post-thumbnail","6":"product_cat-capacetes","7":"product_cat-epis","8":"product_cat-acessorios","10":"first","11":"instock","12":"shipping-taxable","13":"product-type-simple"},"_links":{"self":[{"href":"https:\/\/www.kimarca.com.br\/site\/wp-json\/wp\/v2\/product\/3430","targetHints":{"allow":["GET"]}}],"collection":[{"href":"https:\/\/www.kimarca.com.br\/site\/wp-json\/wp\/v2\/product"}],"about":[{"href":"https:\/\/www.kimarca.com.br\/site\/wp-json\/wp\/v2\/types\/product"}],"replies":[{"embeddable":true,"href":"https:\/\/www.kimarca.com.br\/site\/wp-json\/wp\/v2\/comments?post=3430"}],"wp:featuredmedia":[{"embeddable":true,"href":"https:\/\/www.kimarca.com.br\/site\/wp-json\/wp\/v2\/media\/3431"}],"wp:attachment":[{"href":"https:\/\/www.kimarca.com.br\/site\/wp-json\/wp\/v2\/media?parent=3430"}],"wp:term":[{"taxonomy":"product_brand","embeddable":true,"href":"https:\/\/www.kimarca.com.br\/site\/wp-json\/wp\/v2\/product_brand?post=3430"},{"taxonomy":"product_cat","embeddable":true,"href":"https:\/\/www.kimarca.com.br\/site\/wp-json\/wp\/v2\/product_cat?post=3430"},{"taxonomy":"product_tag","embeddable":true,"href":"https:\/\/www.kimarca.com.br\/site\/wp-json\/wp\/v2\/product_tag?post=3430"}],"curies":[{"name":"wp","href":"https:\/\/api.w.org\/{rel}","templated":true}]}}