{"id":3420,"date":"2018-04-04T14:29:50","date_gmt":"2018-04-04T17:29:50","guid":{"rendered":"https:\/\/www.kimarca.com.br\/site\/?post_type=product&#038;p=3420"},"modified":"2024-11-03T23:40:48","modified_gmt":"2024-11-04T02:40:48","slug":"3003-silicone-13db-ca-15485","status":"publish","type":"product","link":"https:\/\/www.kimarca.com.br\/site\/produto\/3003-silicone-13db-ca-15485\/","title":{"rendered":"3003 SILICONE 13DB \u2013 CA 15485"},"content":{"rendered":"<p>Protetor Auricular tipo plug, confeccionado em silicone, com tr\u00eas flanges macias e\u00a0c\u00f4nicas. Plug em cor salm\u00e3o e verde, cord\u00e3o de algod\u00e3o laranja, amarelo, verde ou azul. Tamanho \u00fanico e\u00a0embalagem individual. Atenua\u00e7\u00e3o de 13dB (NRRsf). O Plug tem o CA e o nome da Dystray gravados no corpo do produto, evitando a falsifica\u00e7\u00e3o e o uso de equipamento \u201cgenerico\u201d.<\/p>\n<h2>Descri\u00e7\u00e3o<\/h2>\n<p><strong>Aplica\u00e7\u00e3o:<\/strong>\u00a0Prote\u00e7\u00e3o do sistema auditivo do usu\u00e1rio contra n\u00edveis de press\u00e3o sonora superiores ao\u00a0estabelecido na NR 15 (Anexos I e II), conforme a tabela de atenua\u00e7\u00e3o.<\/p>\n<p><strong>Controle de Uso:<\/strong>\u00a0Indicamos a troca do equipamento de 10 a 12 semanas de uso, em fun\u00e7\u00e3o da higieniza\u00e7\u00e3o e conserva\u00e7\u00e3o do equipamento, para esse controle, indicamos uma tabela de uso por meses, sendo que a troca e o controle do equipamento se dar\u00e1 pela cor do cord\u00e3o, facilitando a a\u00e7\u00e3o do t\u00e9cnico de seguran\u00e7a ou do departamento que executa a distribui\u00e7\u00e3o e controle do EPI, sendo regra at\u00e9 o pessoal da CIPA pode atuar como fiscal de uso do EPI.<\/p>\n<p><strong>Observa\u00e7\u00e3o:<\/strong>\u00a0Muitas empresas mand\u00e3o fabricar em diversos fabricantes os Plugs, sem identifica\u00e7\u00e3o e utilizam como sendo sempre de uma mesma fonte, isso al\u00e9m de ilegal, pode vir a prejudicar o colaborador da empresa que compra o produto pelo CA da empresa.<\/p>\n<p><strong>Cerificado de aprova\u00e7\u00e3o:<\/strong>\u00a0<a href=\"http:\/\/consultaca.com\/ca15485\" target=\"_blank\" rel=\"noopener\">CA 15485.<\/a><\/p>\n","protected":false},"excerpt":{"rendered":"<p>Protetor Auricular tipo plug, confeccionado em silicone, com tr\u00eas flanges macias e\u00a0c\u00f4nicas. Plug em cor [&hellip;]<\/p>\n","protected":false},"featured_media":3421,"comment_status":"closed","ping_status":"closed","template":"","meta":[],"product_brand":[],"product_cat":[207,211,224],"product_tag":[],"class_list":{"0":"post-3420","1":"product","2":"type-product","3":"status-publish","4":"has-post-thumbnail","6":"product_cat-epis","7":"product_cat-acessorios","8":"product_cat-protetor-articular","10":"first","11":"instock","12":"shipping-taxable","13":"product-type-simple"},"_links":{"self":[{"href":"https:\/\/www.kimarca.com.br\/site\/wp-json\/wp\/v2\/product\/3420","targetHints":{"allow":["GET"]}}],"collection":[{"href":"https:\/\/www.kimarca.com.br\/site\/wp-json\/wp\/v2\/product"}],"about":[{"href":"https:\/\/www.kimarca.com.br\/site\/wp-json\/wp\/v2\/types\/product"}],"replies":[{"embeddable":true,"href":"https:\/\/www.kimarca.com.br\/site\/wp-json\/wp\/v2\/comments?post=3420"}],"wp:featuredmedia":[{"embeddable":true,"href":"https:\/\/www.kimarca.com.br\/site\/wp-json\/wp\/v2\/media\/3421"}],"wp:attachment":[{"href":"https:\/\/www.kimarca.com.br\/site\/wp-json\/wp\/v2\/media?parent=3420"}],"wp:term":[{"taxonomy":"product_brand","embeddable":true,"href":"https:\/\/www.kimarca.com.br\/site\/wp-json\/wp\/v2\/product_brand?post=3420"},{"taxonomy":"product_cat","embeddable":true,"href":"https:\/\/www.kimarca.com.br\/site\/wp-json\/wp\/v2\/product_cat?post=3420"},{"taxonomy":"product_tag","embeddable":true,"href":"https:\/\/www.kimarca.com.br\/site\/wp-json\/wp\/v2\/product_tag?post=3420"}],"curies":[{"name":"wp","href":"https:\/\/api.w.org\/{rel}","templated":true}]}}