{"id":3408,"date":"2018-02-20T11:04:00","date_gmt":"2018-02-20T14:04:00","guid":{"rendered":"https:\/\/www.kimarca.com.br\/site\/?post_type=product&#038;p=3408"},"modified":"2024-11-03T23:40:48","modified_gmt":"2024-11-04T02:40:48","slug":"machfloss-personal","status":"publish","type":"product","link":"https:\/\/www.kimarca.com.br\/site\/produto\/machfloss-personal\/","title":{"rendered":"Machfloss Personal"},"content":{"rendered":"<h3>Dispon\u00edvel nas vers\u00f5es alum\u00ednio e pl\u00e1sticos<\/h3>\n<p>O Machfloss Personal \u00e9 um dispenser de fio dental compacto, com dosagem personalizada, ou seja, o usu\u00e1rio define a metragem de fio dental que ir\u00e1 utilizar. Possui uma tampa-visor com fechamento por gravidade que garante higiene e prote\u00e7\u00e3o para o fio dental e seus usu\u00e1rios. Seu tamanho compacto o faz uma solu\u00e7\u00e3o para ser utilizado tanto em ambientes corporativos, recreativos e residenciais.<\/p>\n<h3>Vantagens e benef\u00edcios:<\/h3>\n<p>\u2022 Garantia de 01 ano contra defeitos de fabrica\u00e7\u00e3o;<br \/>\n\u2022 Corpo em Alum\u00ednio o que garante alta resist\u00eancia e durabilidade;<br \/>\n\u2022 Higiene garantida: o visor fecha por gravidade protegendo o fio dental;<br \/>\n\u2022 Corte personalizado: o usu\u00e1rio define o tamanho de fio dental que ir\u00e1 usar;<br \/>\n\u2022 A fixa\u00e7\u00e3o do produto na parede pode ser feito por fitas dupla-face (acompanham o produto);<br \/>\n\u2022 Design Moderno;<br \/>\n\u2022 Substitui o palito de madeira.<\/p>\n","protected":false},"excerpt":{"rendered":"<p>Dispon\u00edvel nas vers\u00f5es alum\u00ednio e pl\u00e1sticos O Machfloss Personal \u00e9 um dispenser de fio dental [&hellip;]<\/p>\n","protected":false},"featured_media":3409,"comment_status":"closed","ping_status":"closed","template":"","meta":[],"product_brand":[],"product_cat":[215],"product_tag":[],"class_list":{"0":"post-3408","1":"product","2":"type-product","3":"status-publish","4":"has-post-thumbnail","6":"product_cat-dispensers","8":"first","9":"instock","10":"shipping-taxable","11":"product-type-simple"},"_links":{"self":[{"href":"https:\/\/www.kimarca.com.br\/site\/wp-json\/wp\/v2\/product\/3408","targetHints":{"allow":["GET"]}}],"collection":[{"href":"https:\/\/www.kimarca.com.br\/site\/wp-json\/wp\/v2\/product"}],"about":[{"href":"https:\/\/www.kimarca.com.br\/site\/wp-json\/wp\/v2\/types\/product"}],"replies":[{"embeddable":true,"href":"https:\/\/www.kimarca.com.br\/site\/wp-json\/wp\/v2\/comments?post=3408"}],"wp:featuredmedia":[{"embeddable":true,"href":"https:\/\/www.kimarca.com.br\/site\/wp-json\/wp\/v2\/media\/3409"}],"wp:attachment":[{"href":"https:\/\/www.kimarca.com.br\/site\/wp-json\/wp\/v2\/media?parent=3408"}],"wp:term":[{"taxonomy":"product_brand","embeddable":true,"href":"https:\/\/www.kimarca.com.br\/site\/wp-json\/wp\/v2\/product_brand?post=3408"},{"taxonomy":"product_cat","embeddable":true,"href":"https:\/\/www.kimarca.com.br\/site\/wp-json\/wp\/v2\/product_cat?post=3408"},{"taxonomy":"product_tag","embeddable":true,"href":"https:\/\/www.kimarca.com.br\/site\/wp-json\/wp\/v2\/product_tag?post=3408"}],"curies":[{"name":"wp","href":"https:\/\/api.w.org\/{rel}","templated":true}]}}