{"id":3390,"date":"2018-02-19T15:35:37","date_gmt":"2018-02-19T18:35:37","guid":{"rendered":"https:\/\/www.kimarca.com.br\/site\/?post_type=product&#038;p=3390"},"modified":"2024-11-03T23:40:48","modified_gmt":"2024-11-04T02:40:48","slug":"luva-para-procedimento-nao-cirurgico-com-po-latex-supermax-premium-quality-lisa","status":"publish","type":"product","link":"https:\/\/www.kimarca.com.br\/site\/produto\/luva-para-procedimento-nao-cirurgico-com-po-latex-supermax-premium-quality-lisa\/","title":{"rendered":"Luva para procedimento N\u00e3o Cir\u00fargico com p\u00f3 &#8211; L\u00c1TEX Supermax Premium Quality Lisa"},"content":{"rendered":"<p align=\"left\">As luvas para procedimento n\u00e3o cir\u00fargico com p\u00f3 Supermax passam por um rigoroso controle de qualidade, garantindo alta flexibilidade e resist\u00eancia por serem fabricadas com l\u00e1tex de alta qualidade.<\/p>\n<p align=\"left\">Luvas de qualidade representam economia para os estabelecimentos de sa\u00fade por redu\u00e7\u00e3o de perda de luvas por defeito de fabrica\u00e7\u00e3o.<\/p>\n<p align=\"left\">Indicada para utiliza\u00e7\u00e3o em hospitais, cl\u00ednicas m\u00e9dicas, odontol\u00f3gicas, veterin\u00e1rias, laborat\u00f3rios e demais locais onde h\u00e1 necessidade de prote\u00e7\u00e3o do usu\u00e1rio contra riscos biol\u00f3gicos (sangue, fluidos potencialmente contaminados, contato com microorganismos, manipula\u00e7\u00e3o de materiais contaminados).<\/p>\n","protected":false},"excerpt":{"rendered":"<p>As luvas para procedimento n\u00e3o cir\u00fargico com p\u00f3 Supermax passam por um rigoroso controle de [&hellip;]<\/p>\n","protected":false},"featured_media":3391,"comment_status":"closed","ping_status":"closed","template":"","meta":[],"product_brand":[],"product_cat":[207,218],"product_tag":[],"class_list":{"0":"post-3390","1":"product","2":"type-product","3":"status-publish","4":"has-post-thumbnail","6":"product_cat-epis","7":"product_cat-luvas","9":"first","10":"instock","11":"shipping-taxable","12":"product-type-simple"},"_links":{"self":[{"href":"https:\/\/www.kimarca.com.br\/site\/wp-json\/wp\/v2\/product\/3390","targetHints":{"allow":["GET"]}}],"collection":[{"href":"https:\/\/www.kimarca.com.br\/site\/wp-json\/wp\/v2\/product"}],"about":[{"href":"https:\/\/www.kimarca.com.br\/site\/wp-json\/wp\/v2\/types\/product"}],"replies":[{"embeddable":true,"href":"https:\/\/www.kimarca.com.br\/site\/wp-json\/wp\/v2\/comments?post=3390"}],"wp:featuredmedia":[{"embeddable":true,"href":"https:\/\/www.kimarca.com.br\/site\/wp-json\/wp\/v2\/media\/3391"}],"wp:attachment":[{"href":"https:\/\/www.kimarca.com.br\/site\/wp-json\/wp\/v2\/media?parent=3390"}],"wp:term":[{"taxonomy":"product_brand","embeddable":true,"href":"https:\/\/www.kimarca.com.br\/site\/wp-json\/wp\/v2\/product_brand?post=3390"},{"taxonomy":"product_cat","embeddable":true,"href":"https:\/\/www.kimarca.com.br\/site\/wp-json\/wp\/v2\/product_cat?post=3390"},{"taxonomy":"product_tag","embeddable":true,"href":"https:\/\/www.kimarca.com.br\/site\/wp-json\/wp\/v2\/product_tag?post=3390"}],"curies":[{"name":"wp","href":"https:\/\/api.w.org\/{rel}","templated":true}]}}