{"id":3330,"date":"2018-02-16T14:36:18","date_gmt":"2018-02-16T16:36:18","guid":{"rendered":"https:\/\/www.kimarca.com.br\/site\/?post_type=product&#038;p=3330"},"modified":"2024-11-03T23:40:49","modified_gmt":"2024-11-04T02:40:49","slug":"maxi-latex-luva-de-latex-com-forro-em-algodao","status":"publish","type":"product","link":"https:\/\/www.kimarca.com.br\/site\/produto\/maxi-latex-luva-de-latex-com-forro-em-algodao\/","title":{"rendered":"MAXI L\u00c1TEX &#8211; Luva de l\u00e1tex com forro em algod\u00e3o"},"content":{"rendered":"<div id=\"corpo-van-prod\">\n<div id=\"txt-van-prod\"><b>Benef\u00edcios<\/b><\/p>\n<ul>\n<li>Ideal para manuseio de produtos de limpeza e outros qu\u00edmicos<\/li>\n<li>Alta ader\u00eancia para manuseio de objetos com umidade<\/li>\n<li>Forro em algod\u00e3o: maior conforto e absor\u00e7\u00e3o do suor para longos per\u00edodos de uso<\/li>\n<\/ul>\n<\/div>\n<\/div>\n<div id=\"corpo-desc-prod\"><b>Descri\u00e7\u00e3o<\/b><br \/>\nA luva Maxi L\u00e1tex \u00e9 ideal para prote\u00e7\u00e3o das m\u00e3os contra produtos qu\u00edmicos. Possui palma e dedos com antiderrapante, que garantem maior ader\u00eancia ao manusear objetos molhados. Conta com formato anat\u00f4mico e forro em algod\u00e3o aveludado, que propociona excelente conforto e maior absor\u00e7\u00e3o do suor.<\/p>\n<p>Recomendado para:<\/p>\n<\/div>\n<div id=\"corpo-desc-prod\">\n<div id=\"txt-van-prod\"><b>Aplica\u00e7\u00f5es<\/b><\/p>\n<ul>\n<li>Atividades de limpeza<\/li>\n<li>Servi\u00e7os gerais<\/li>\n<li>Atividades em cozinha industrial<\/li>\n<\/ul>\n<\/div>\n<\/div>\n","protected":false},"excerpt":{"rendered":"<p>Benef\u00edcios Ideal para manuseio de produtos de limpeza e outros qu\u00edmicos Alta ader\u00eancia para manuseio [&hellip;]<\/p>\n","protected":false},"featured_media":3331,"comment_status":"closed","ping_status":"closed","template":"","meta":[],"product_brand":[],"product_cat":[207,218],"product_tag":[],"class_list":{"0":"post-3330","1":"product","2":"type-product","3":"status-publish","4":"has-post-thumbnail","6":"product_cat-epis","7":"product_cat-luvas","9":"first","10":"instock","11":"shipping-taxable","12":"product-type-simple"},"_links":{"self":[{"href":"https:\/\/www.kimarca.com.br\/site\/wp-json\/wp\/v2\/product\/3330","targetHints":{"allow":["GET"]}}],"collection":[{"href":"https:\/\/www.kimarca.com.br\/site\/wp-json\/wp\/v2\/product"}],"about":[{"href":"https:\/\/www.kimarca.com.br\/site\/wp-json\/wp\/v2\/types\/product"}],"replies":[{"embeddable":true,"href":"https:\/\/www.kimarca.com.br\/site\/wp-json\/wp\/v2\/comments?post=3330"}],"wp:featuredmedia":[{"embeddable":true,"href":"https:\/\/www.kimarca.com.br\/site\/wp-json\/wp\/v2\/media\/3331"}],"wp:attachment":[{"href":"https:\/\/www.kimarca.com.br\/site\/wp-json\/wp\/v2\/media?parent=3330"}],"wp:term":[{"taxonomy":"product_brand","embeddable":true,"href":"https:\/\/www.kimarca.com.br\/site\/wp-json\/wp\/v2\/product_brand?post=3330"},{"taxonomy":"product_cat","embeddable":true,"href":"https:\/\/www.kimarca.com.br\/site\/wp-json\/wp\/v2\/product_cat?post=3330"},{"taxonomy":"product_tag","embeddable":true,"href":"https:\/\/www.kimarca.com.br\/site\/wp-json\/wp\/v2\/product_tag?post=3330"}],"curies":[{"name":"wp","href":"https:\/\/api.w.org\/{rel}","templated":true}]}}