{"id":3284,"date":"2018-02-16T13:43:01","date_gmt":"2018-02-16T15:43:01","guid":{"rendered":"https:\/\/www.kimarca.com.br\/site\/?post_type=product&#038;p=3284"},"modified":"2024-11-03T23:40:49","modified_gmt":"2024-11-04T02:40:49","slug":"ingleza-maxx-vermelha","status":"publish","type":"product","link":"https:\/\/www.kimarca.com.br\/site\/produto\/ingleza-maxx-vermelha\/","title":{"rendered":"Ingleza Maxx Vermelha"},"content":{"rendered":"<h2>Ingleza Maxx Vermelha, f\u00f3rmula exclusiva de prote\u00e7\u00e3o e auto-brilho, com perfuma\u00e7\u00e3o surpreendente para diversos tipos de piso.<\/h2>\n<p><strong>Vers\u00f5es<\/strong><br \/>\n\u2013 Incolor<br \/>\n\u2013 Vermelha<br \/>\n\u2013 Amarela<br \/>\n\u2013 Sem perfume<br \/>\n\u2013 Verde (Ardosia Maxx)<\/p>\n<p><strong>Embalagens<\/strong><br \/>\n500 ml \/ 750 ml (refil)*<\/p>\n<p><strong>Ambientes Indicados<\/strong><br \/>\nSala, Quarto, Sala de jantar<\/p>\n<p><strong>saiba + | Informa\u00e7\u00f5es Gerais<\/strong><br \/>\nCera l\u00edquida para todos os tipos de pisos, com a\u00e7\u00e3o impermeabilizante e alta performance. Proporciona brilho instant\u00e2neo e possui fragr\u00e2ncia suave.<\/p>\n<p><strong>Modo de usar:<\/strong>\u00a0aplique o produto uniformemente sobre a superf\u00edcie limpa e seca, com aux\u00edlio de um pano macio envolvido em um rodo. Em piso virgem, completamente isento de cera ou ap\u00f3s remo\u00e7\u00e3o, o melhor resultado ocorrer\u00e1 ap\u00f3s a terceira camada, com intervalo de 45 minutos entre as aplica\u00e7\u00f5es.<\/p>\n<p><strong>Cuidados:<\/strong>\u00a0se o piso estiver com ac\u00famulo de cera, use Tira Ceras Ingleza para remov\u00ea-la inicialmente, antes da aplica\u00e7\u00e3o de uma nova camada de cera. N\u00e3o use solventes. N\u00e3o utilize em carpetes de madeira e cer\u00e2micas vitrificadas.<\/p>\n<p><em>(*) Refil dispon\u00edvel nas vers\u00f5es Incolor e Vermelha.<\/em><\/p>\n","protected":false},"excerpt":{"rendered":"<p>Ingleza Maxx Vermelha, f\u00f3rmula exclusiva de prote\u00e7\u00e3o e auto-brilho, com perfuma\u00e7\u00e3o surpreendente para diversos tipos [&hellip;]<\/p>\n","protected":false},"featured_media":3285,"comment_status":"closed","ping_status":"closed","template":"","meta":[],"product_brand":[],"product_cat":[241],"product_tag":[],"class_list":{"0":"post-3284","1":"product","2":"type-product","3":"status-publish","4":"has-post-thumbnail","6":"product_cat-ceras","8":"first","9":"instock","10":"shipping-taxable","11":"product-type-simple"},"_links":{"self":[{"href":"https:\/\/www.kimarca.com.br\/site\/wp-json\/wp\/v2\/product\/3284","targetHints":{"allow":["GET"]}}],"collection":[{"href":"https:\/\/www.kimarca.com.br\/site\/wp-json\/wp\/v2\/product"}],"about":[{"href":"https:\/\/www.kimarca.com.br\/site\/wp-json\/wp\/v2\/types\/product"}],"replies":[{"embeddable":true,"href":"https:\/\/www.kimarca.com.br\/site\/wp-json\/wp\/v2\/comments?post=3284"}],"wp:featuredmedia":[{"embeddable":true,"href":"https:\/\/www.kimarca.com.br\/site\/wp-json\/wp\/v2\/media\/3285"}],"wp:attachment":[{"href":"https:\/\/www.kimarca.com.br\/site\/wp-json\/wp\/v2\/media?parent=3284"}],"wp:term":[{"taxonomy":"product_brand","embeddable":true,"href":"https:\/\/www.kimarca.com.br\/site\/wp-json\/wp\/v2\/product_brand?post=3284"},{"taxonomy":"product_cat","embeddable":true,"href":"https:\/\/www.kimarca.com.br\/site\/wp-json\/wp\/v2\/product_cat?post=3284"},{"taxonomy":"product_tag","embeddable":true,"href":"https:\/\/www.kimarca.com.br\/site\/wp-json\/wp\/v2\/product_tag?post=3284"}],"curies":[{"name":"wp","href":"https:\/\/api.w.org\/{rel}","templated":true}]}}