{"id":3275,"date":"2018-02-16T13:36:15","date_gmt":"2018-02-16T15:36:15","guid":{"rendered":"https:\/\/www.kimarca.com.br\/site\/?post_type=product&#038;p=3275"},"modified":"2024-11-03T23:40:49","modified_gmt":"2024-11-04T02:40:49","slug":"cera-liquida-bry-incolor","status":"publish","type":"product","link":"https:\/\/www.kimarca.com.br\/site\/produto\/cera-liquida-bry-incolor\/","title":{"rendered":"Cera L\u00edquida Bry \u2013 Incolor"},"content":{"rendered":"<h2>Cera L\u00edquida Bry \u2013 Incolor.\u00a0Prote\u00e7\u00e3o e brilho sem esfor\u00e7o, para todos os tipos de piso. Perfuma\u00e7\u00e3o exclusiva e prolongada.<\/h2>\n<p><strong>Vers\u00f5es<\/strong><br \/>\n\u2013 Amarela<br \/>\n\u2013 Incolor<br \/>\n\u2013 Verde<br \/>\n\u2013 Vermelha<br \/>\n\u2013 Preta<\/p>\n<p><strong>Embalagens<\/strong><br \/>\n750 ml<\/p>\n<p><strong>Ambientes Indicados<\/strong><br \/>\nSala, Quarto, Sala de jantar<\/p>\n<p><strong>saiba + | Informa\u00e7\u00f5es Gerais<\/strong><br \/>\nSua f\u00f3rmula oferece brilho instant\u00e2neo, sem a necessidade de usar enceradeira. A fragr\u00e2ncia floral deixa mais perfumados os ambientes, protegendo pisos sintecados, vin\u00edlicos, cer\u00e2micas, lajotas, carpetes de madeira, paviflex, pedras e similares.<\/p>\n<p>A vers\u00e3o preta \u00e9 tamb\u00e9m indicada para tingimento de superf\u00edcies escuras, como m\u00e1rmores, ard\u00f3sia, cer\u00e2micas, lajotas, paviflex, granilite, marmorite, borracha e pisos asf\u00e1lticos. Pode ser aplicada a pneus, vinis, tapetes de borracha, revestimento de portas e pain\u00e9is de autom\u00f3veis em geral e tamb\u00e9m em artigos de couro, esportivos e m\u00f3veis em pl\u00e1sticos.<\/p>\n<p><strong>Modo de usar:<\/strong>\u00a0aplique uniformemente sobre a superf\u00edcie limpa e seca com aux\u00edlio de um pano macio envolvido em um rodo. Ap\u00f3s secar, se necess\u00e1rio lustre com enceradeira. Para conservar os resultados depois de alguns dias, passe um pano \u00famido e, depois de seco, passar enceradeira com feltro. Em piso virgem, completamente isento de cera ou ap\u00f3s remo\u00e7\u00e3o, o melhor resultado ocorrer\u00e1 ap\u00f3s a terceira camada, com o intervalo de 45 minutos entre as aplica\u00e7\u00f5es.<\/p>\n<p><strong>Cuidados:<\/strong>\u00a0n\u00e3o use solventes. Se o piso estiver com excesso de cera, use Tira Ceras Ingleza para remov\u00ea-la.<\/p>\n","protected":false},"excerpt":{"rendered":"<p>Cera L\u00edquida Bry \u2013 Incolor.\u00a0Prote\u00e7\u00e3o e brilho sem esfor\u00e7o, para todos os tipos de piso. [&hellip;]<\/p>\n","protected":false},"featured_media":3276,"comment_status":"closed","ping_status":"closed","template":"","meta":[],"product_brand":[],"product_cat":[293],"product_tag":[],"class_list":{"0":"post-3275","1":"product","2":"type-product","3":"status-publish","4":"has-post-thumbnail","6":"product_cat-uncategorized","8":"first","9":"instock","10":"shipping-taxable","11":"product-type-simple"},"_links":{"self":[{"href":"https:\/\/www.kimarca.com.br\/site\/wp-json\/wp\/v2\/product\/3275","targetHints":{"allow":["GET"]}}],"collection":[{"href":"https:\/\/www.kimarca.com.br\/site\/wp-json\/wp\/v2\/product"}],"about":[{"href":"https:\/\/www.kimarca.com.br\/site\/wp-json\/wp\/v2\/types\/product"}],"replies":[{"embeddable":true,"href":"https:\/\/www.kimarca.com.br\/site\/wp-json\/wp\/v2\/comments?post=3275"}],"wp:featuredmedia":[{"embeddable":true,"href":"https:\/\/www.kimarca.com.br\/site\/wp-json\/wp\/v2\/media\/3276"}],"wp:attachment":[{"href":"https:\/\/www.kimarca.com.br\/site\/wp-json\/wp\/v2\/media?parent=3275"}],"wp:term":[{"taxonomy":"product_brand","embeddable":true,"href":"https:\/\/www.kimarca.com.br\/site\/wp-json\/wp\/v2\/product_brand?post=3275"},{"taxonomy":"product_cat","embeddable":true,"href":"https:\/\/www.kimarca.com.br\/site\/wp-json\/wp\/v2\/product_cat?post=3275"},{"taxonomy":"product_tag","embeddable":true,"href":"https:\/\/www.kimarca.com.br\/site\/wp-json\/wp\/v2\/product_tag?post=3275"}],"curies":[{"name":"wp","href":"https:\/\/api.w.org\/{rel}","templated":true}]}}