{"id":3128,"date":"2018-02-16T10:36:48","date_gmt":"2018-02-16T12:36:48","guid":{"rendered":"https:\/\/www.kimarca.com.br\/site\/?post_type=product&#038;p=3128"},"modified":"2024-11-12T16:09:21","modified_gmt":"2024-11-12T19:09:21","slug":"agua-sanitaria","status":"publish","type":"product","link":"https:\/\/www.kimarca.com.br\/site\/produto\/agua-sanitaria\/","title":{"rendered":"\u00c1gua sanit\u00e1ria"},"content":{"rendered":"<p class=\"product-details__description\">A \u00e1gua sanit\u00e1ria \u00e9 o produto que n\u00e3o pode faltar no seu lar. \u00c9 eficiente na limpeza e ainda ajuda a tirar manchas. De uma vez s\u00f3 voc\u00ea pode lavar roupas claras, remover manchas dif\u00edceis e ainda limpar ralos e banheiros.<\/p>\n<p class=\"product-details__description\">Dispon\u00edvel na vers\u00e3o Tradicional (frasco verde).<\/p>\n","protected":false},"excerpt":{"rendered":"<p>A \u00e1gua sanit\u00e1ria \u00e9 o produto que n\u00e3o pode faltar no seu lar. \u00c9 eficiente [&hellip;]<\/p>\n","protected":false},"featured_media":4809,"comment_status":"closed","ping_status":"closed","template":"","meta":[],"product_brand":[],"product_cat":[296,297,209],"product_tag":[],"class_list":{"0":"post-3128","1":"product","2":"type-product","3":"status-publish","4":"has-post-thumbnail","6":"product_cat-agua-sanitaria","7":"product_cat-clores-e-alvejantes","8":"product_cat-quimicos","10":"first","11":"instock","12":"shipping-taxable","13":"product-type-simple"},"_links":{"self":[{"href":"https:\/\/www.kimarca.com.br\/site\/wp-json\/wp\/v2\/product\/3128","targetHints":{"allow":["GET"]}}],"collection":[{"href":"https:\/\/www.kimarca.com.br\/site\/wp-json\/wp\/v2\/product"}],"about":[{"href":"https:\/\/www.kimarca.com.br\/site\/wp-json\/wp\/v2\/types\/product"}],"replies":[{"embeddable":true,"href":"https:\/\/www.kimarca.com.br\/site\/wp-json\/wp\/v2\/comments?post=3128"}],"wp:featuredmedia":[{"embeddable":true,"href":"https:\/\/www.kimarca.com.br\/site\/wp-json\/wp\/v2\/media\/4809"}],"wp:attachment":[{"href":"https:\/\/www.kimarca.com.br\/site\/wp-json\/wp\/v2\/media?parent=3128"}],"wp:term":[{"taxonomy":"product_brand","embeddable":true,"href":"https:\/\/www.kimarca.com.br\/site\/wp-json\/wp\/v2\/product_brand?post=3128"},{"taxonomy":"product_cat","embeddable":true,"href":"https:\/\/www.kimarca.com.br\/site\/wp-json\/wp\/v2\/product_cat?post=3128"},{"taxonomy":"product_tag","embeddable":true,"href":"https:\/\/www.kimarca.com.br\/site\/wp-json\/wp\/v2\/product_tag?post=3128"}],"curies":[{"name":"wp","href":"https:\/\/api.w.org\/{rel}","templated":true}]}}