{"id":3050,"date":"2017-08-24T19:06:19","date_gmt":"2017-08-24T22:06:19","guid":{"rendered":"https:\/\/www.kimarca.com.br\/site\/?post_type=product&#038;p=3050"},"modified":"2024-11-03T23:40:51","modified_gmt":"2024-11-04T02:40:51","slug":"linn-spa-pitanga","status":"publish","type":"product","link":"https:\/\/www.kimarca.com.br\/site\/produto\/linn-spa-pitanga\/","title":{"rendered":"Linn SPA Pitanga"},"content":{"rendered":"<p>O Sabonete Pitanga da Linn SPA Premisse \u00a0cont\u00e9m Leite de Argan em uma formula\u00e7\u00e3o cuidadosamente balanceada, destinada \u00e0 limpeza das m\u00e3os, do rosto e do corpo, proporcionando maciez, sedosidade, hidrata\u00e7\u00e3o imediata e nutri\u00e7\u00e3o intensa.<\/p>\n","protected":false},"excerpt":{"rendered":"<p>O Sabonete Pitanga da Linn SPA Premisse \u00a0cont\u00e9m Leite de Argan em uma formula\u00e7\u00e3o cuidadosamente [&hellip;]<\/p>\n","protected":false},"featured_media":3051,"comment_status":"closed","ping_status":"closed","template":"","meta":[],"product_brand":[],"product_cat":[209,302],"product_tag":[],"class_list":{"0":"post-3050","1":"product","2":"type-product","3":"status-publish","4":"has-post-thumbnail","6":"product_cat-quimicos","7":"product_cat-sabonete-liquido","9":"first","10":"instock","11":"shipping-taxable","12":"product-type-simple"},"_links":{"self":[{"href":"https:\/\/www.kimarca.com.br\/site\/wp-json\/wp\/v2\/product\/3050","targetHints":{"allow":["GET"]}}],"collection":[{"href":"https:\/\/www.kimarca.com.br\/site\/wp-json\/wp\/v2\/product"}],"about":[{"href":"https:\/\/www.kimarca.com.br\/site\/wp-json\/wp\/v2\/types\/product"}],"replies":[{"embeddable":true,"href":"https:\/\/www.kimarca.com.br\/site\/wp-json\/wp\/v2\/comments?post=3050"}],"wp:featuredmedia":[{"embeddable":true,"href":"https:\/\/www.kimarca.com.br\/site\/wp-json\/wp\/v2\/media\/3051"}],"wp:attachment":[{"href":"https:\/\/www.kimarca.com.br\/site\/wp-json\/wp\/v2\/media?parent=3050"}],"wp:term":[{"taxonomy":"product_brand","embeddable":true,"href":"https:\/\/www.kimarca.com.br\/site\/wp-json\/wp\/v2\/product_brand?post=3050"},{"taxonomy":"product_cat","embeddable":true,"href":"https:\/\/www.kimarca.com.br\/site\/wp-json\/wp\/v2\/product_cat?post=3050"},{"taxonomy":"product_tag","embeddable":true,"href":"https:\/\/www.kimarca.com.br\/site\/wp-json\/wp\/v2\/product_tag?post=3050"}],"curies":[{"name":"wp","href":"https:\/\/api.w.org\/{rel}","templated":true}]}}