{"id":2977,"date":"2017-08-24T18:20:57","date_gmt":"2017-08-24T21:20:57","guid":{"rendered":"https:\/\/www.kimarca.com.br\/site\/?post_type=product&#038;p=2977"},"modified":"2024-11-03T23:40:52","modified_gmt":"2024-11-04T02:40:52","slug":"dispenser-urban-com-reservatorio-para-abastecer-sabonete-liquido-800ml-branco","status":"publish","type":"product","link":"https:\/\/www.kimarca.com.br\/site\/produto\/dispenser-urban-com-reservatorio-para-abastecer-sabonete-liquido-800ml-branco\/","title":{"rendered":"Dispenser Urban COM reservat\u00f3rio para abastecer (sabonete l\u00edquido) 800ml &#8211; Branco"},"content":{"rendered":"<p>A linha de\u00a0<strong>Dispensers Urban da Premisse<\/strong>\u00a0apresenta o que h\u00e1 de mais moderno e revolucion\u00e1rio no mercado, inspirado nas grandes cidades, seu design contempor\u00e2neo deixa qualquer ambiente agrad\u00e1vel e sofisticado, os produtos apresentam formas arredondas em muito bem desenhadas. A linha Urban possui um sistema inteligente de abertura que permite ao usu\u00e1rio acesso f\u00e1cil e r\u00e1pido para reposi\u00e7\u00e3o, possibilita o uso de chaves, mantendo seguran\u00e7a e descri\u00e7\u00e3o.<\/p>\n<p>Branco C\u00f3d.: C19181<\/p>\n<p>Caixa com 6 unidades.<\/p>\n","protected":false},"excerpt":{"rendered":"<p>A linha de\u00a0Dispensers Urban da Premisse\u00a0apresenta o que h\u00e1 de mais moderno e revolucion\u00e1rio no [&hellip;]<\/p>\n","protected":false},"featured_media":2978,"comment_status":"closed","ping_status":"closed","template":"","meta":[],"product_brand":[],"product_cat":[215],"product_tag":[],"class_list":{"0":"post-2977","1":"product","2":"type-product","3":"status-publish","4":"has-post-thumbnail","6":"product_cat-dispensers","8":"first","9":"instock","10":"shipping-taxable","11":"product-type-simple"},"_links":{"self":[{"href":"https:\/\/www.kimarca.com.br\/site\/wp-json\/wp\/v2\/product\/2977","targetHints":{"allow":["GET"]}}],"collection":[{"href":"https:\/\/www.kimarca.com.br\/site\/wp-json\/wp\/v2\/product"}],"about":[{"href":"https:\/\/www.kimarca.com.br\/site\/wp-json\/wp\/v2\/types\/product"}],"replies":[{"embeddable":true,"href":"https:\/\/www.kimarca.com.br\/site\/wp-json\/wp\/v2\/comments?post=2977"}],"wp:featuredmedia":[{"embeddable":true,"href":"https:\/\/www.kimarca.com.br\/site\/wp-json\/wp\/v2\/media\/2978"}],"wp:attachment":[{"href":"https:\/\/www.kimarca.com.br\/site\/wp-json\/wp\/v2\/media?parent=2977"}],"wp:term":[{"taxonomy":"product_brand","embeddable":true,"href":"https:\/\/www.kimarca.com.br\/site\/wp-json\/wp\/v2\/product_brand?post=2977"},{"taxonomy":"product_cat","embeddable":true,"href":"https:\/\/www.kimarca.com.br\/site\/wp-json\/wp\/v2\/product_cat?post=2977"},{"taxonomy":"product_tag","embeddable":true,"href":"https:\/\/www.kimarca.com.br\/site\/wp-json\/wp\/v2\/product_tag?post=2977"}],"curies":[{"name":"wp","href":"https:\/\/api.w.org\/{rel}","templated":true}]}}