{"id":2953,"date":"2017-08-18T11:11:49","date_gmt":"2017-08-18T14:11:49","guid":{"rendered":"https:\/\/www.kimarca.com.br\/site\/?post_type=product&#038;p=2953"},"modified":"2024-11-03T23:40:52","modified_gmt":"2024-11-04T02:40:52","slug":"kit-50-litros-com-rodas","status":"publish","type":"product","link":"https:\/\/www.kimarca.com.br\/site\/produto\/kit-50-litros-com-rodas\/","title":{"rendered":"KIT 50 LITROS &#8211; COM RODAS"},"content":{"rendered":"<div class=\"vc_tta-container\" data-vc-action=\"collapse\">\n<div class=\"vc_general vc_tta vc_tta-tabs vc_tta-o-shape-group vc_tta-tabs-position-top \">\n<div class=\"vc_tta-panels-container\">\n<div class=\"vc_tta-panels\">\n<div id=\"1479391233306-0f8ae800-c948\" class=\"vc_tta-panel vc_active\" data-vc-content=\".vc_tta-panel-body\">\n<div class=\"vc_tta-panel-body\">\n<div class=\"wpb_text_column wpb_content_element \">\n<div class=\"wpb_wrapper\">\n<p><strong>Com rodas para facilitar a movimenta\u00e7\u00e3o<br \/>\nUm conjunto para separa\u00e7\u00e3o e coleta seletiva de res\u00edduos em ambientes internos e externos. Os 3 diferentes tipos de tampas favorecem a adequa\u00e7\u00e3o dos conjuntos para diversos tipos de utiliza\u00e7\u00e3o. As tampas impedem a vis\u00e3o dos res\u00edduos descartados, previnem a dispers\u00e3o de odores e a entrada de insetos.<\/strong><\/p>\n<p><strong>O Kit \u00e9 composto pelos seguintes itens:<br \/>\n<\/strong>04 Unidades \u2013 Lixeiras 50 Litros com al\u00e7as (4 cores)<br \/>\n04 Unidades \u2013 Tampas de um mesmo modelo (A escolher)<br \/>\n04 Unidades \u2013 M\u00f3dulos com Rodas (10 rodas)<\/p>\n<\/div>\n<\/div>\n<\/div>\n<\/div>\n<\/div>\n<\/div>\n<\/div>\n<\/div>\n<p>&nbsp;<\/p>\n","protected":false},"excerpt":{"rendered":"<p>Com rodas para facilitar a movimenta\u00e7\u00e3o Um conjunto para separa\u00e7\u00e3o e coleta seletiva de res\u00edduos [&hellip;]<\/p>\n","protected":false},"featured_media":2954,"comment_status":"closed","ping_status":"closed","template":"","meta":[],"product_brand":[],"product_cat":[249],"product_tag":[],"class_list":{"0":"post-2953","1":"product","2":"type-product","3":"status-publish","4":"has-post-thumbnail","6":"product_cat-coletores","8":"first","9":"instock","10":"shipping-taxable","11":"product-type-simple"},"_links":{"self":[{"href":"https:\/\/www.kimarca.com.br\/site\/wp-json\/wp\/v2\/product\/2953","targetHints":{"allow":["GET"]}}],"collection":[{"href":"https:\/\/www.kimarca.com.br\/site\/wp-json\/wp\/v2\/product"}],"about":[{"href":"https:\/\/www.kimarca.com.br\/site\/wp-json\/wp\/v2\/types\/product"}],"replies":[{"embeddable":true,"href":"https:\/\/www.kimarca.com.br\/site\/wp-json\/wp\/v2\/comments?post=2953"}],"wp:featuredmedia":[{"embeddable":true,"href":"https:\/\/www.kimarca.com.br\/site\/wp-json\/wp\/v2\/media\/2954"}],"wp:attachment":[{"href":"https:\/\/www.kimarca.com.br\/site\/wp-json\/wp\/v2\/media?parent=2953"}],"wp:term":[{"taxonomy":"product_brand","embeddable":true,"href":"https:\/\/www.kimarca.com.br\/site\/wp-json\/wp\/v2\/product_brand?post=2953"},{"taxonomy":"product_cat","embeddable":true,"href":"https:\/\/www.kimarca.com.br\/site\/wp-json\/wp\/v2\/product_cat?post=2953"},{"taxonomy":"product_tag","embeddable":true,"href":"https:\/\/www.kimarca.com.br\/site\/wp-json\/wp\/v2\/product_tag?post=2953"}],"curies":[{"name":"wp","href":"https:\/\/api.w.org\/{rel}","templated":true}]}}