{"id":2906,"date":"2017-08-18T10:36:03","date_gmt":"2017-08-18T13:36:03","guid":{"rendered":"https:\/\/www.kimarca.com.br\/site\/?post_type=product&#038;p=2906"},"modified":"2024-11-03T23:40:53","modified_gmt":"2024-11-04T02:40:53","slug":"extensao-telescopica","status":"publish","type":"product","link":"https:\/\/www.kimarca.com.br\/site\/produto\/extensao-telescopica\/","title":{"rendered":"Extens\u00e3o Telesc\u00f3pica"},"content":{"rendered":"<div class=\"vc_tta-container\" data-vc-action=\"collapse\">\n<div class=\"vc_general vc_tta vc_tta-tabs vc_tta-o-shape-group vc_tta-tabs-position-top \">\n<div class=\"vc_tta-panels-container\">\n<div class=\"vc_tta-panels\">\n<div id=\"1458228299806-0b58c500-4352\" class=\"vc_tta-panel vc_active\" data-vc-content=\".vc_tta-panel-body\">\n<div class=\"vc_tta-panel-body\">\n<div class=\"wpb_text_column wpb_content_element  vc_custom_1466447991463\">\n<div class=\"wpb_wrapper\">\n<p>Fabricadas em alum\u00ednio anodizado, podem atingir de 1 a 9 metros de altura. S\u00e3o Indicadas para limpeza de vidros ou outras a\u00e7\u00f5es de limpeza geral com o aux\u00edlio dos acess\u00f3rios Bralimpia, que se ajustam perfeitamente \u00e0s extens\u00f5es.<\/p>\n<p>\u2022Leve e resistente. Pode ser operado facilmente por qualquer pessoa.<\/p>\n<p>\u2022Diminuem o risco de acidentes pois, evitam o uso de escadas ou andaimes.<\/p>\n<p>\u2022Atingem locais de dif\u00edcil acesso com facilidade e seguran\u00e7a, principalmente quando aliados aos adaptadores angulares.<\/p>\n<\/div>\n<\/div>\n<\/div>\n<\/div>\n<\/div>\n<\/div>\n<\/div>\n<\/div>\n<div class=\"vc_tta-container\" data-vc-action=\"collapse\">\n<div class=\"vc_general vc_tta vc_tta-tabs vc_tta-o-shape-group vc_tta-tabs-position-top \">\n<div class=\"vc_tta-panels-container\">\n<div class=\"vc_tta-panels\">\n<div id=\"1458228299852-90634618-e399\" class=\"vc_tta-panel vc_active\" data-vc-content=\".vc_tta-panel-body\">\n<div class=\"vc_tta-panel-body\">\n<div class=\"wpb_text_column wpb_content_element \">\n<div class=\"wpb_wrapper\">\n<table width=\"475\">\n<tbody>\n<tr>\n<td width=\"80\">Se\u00e7\u00e3o\/m<\/td>\n<td width=\"64\">Alcance<\/td>\n<td width=\"64\">Altura<\/td>\n<td width=\"64\">Embalagem<\/td>\n<td width=\"64\">Peso<\/td>\n<td width=\"64\">C\u00f3digo<\/td>\n<\/tr>\n<tr>\n<td>2 x 0,75 m<\/td>\n<td>1,5 m<\/td>\n<td>75 cm<\/td>\n<td>1 unid.<\/td>\n<td>0,340 kg<\/td>\n<td>EX070<\/td>\n<\/tr>\n<tr>\n<td>2 x 1,5 m<\/td>\n<td>3 m<\/td>\n<td>150 cm<\/td>\n<td>1 unid.<\/td>\n<td>1,040 kg<\/td>\n<td>EX150<\/td>\n<\/tr>\n<tr>\n<td>3 x 1 m<\/td>\n<td>3 m<\/td>\n<td>100 cm<\/td>\n<td>1 unid.<\/td>\n<td>1,390 kg<\/td>\n<td>EX300<\/td>\n<\/tr>\n<tr>\n<td>3 x 1,5 m<\/td>\n<td>4,5 m<\/td>\n<td>150 cm<\/td>\n<td>1 unid.<\/td>\n<td>1,950 kg<\/td>\n<td>EX450<\/td>\n<\/tr>\n<tr>\n<td>3 x 2 m<\/td>\n<td>6 m<\/td>\n<td>200 cm<\/td>\n<td>1 unid.<\/td>\n<td>2,530 kg<\/td>\n<td>EX600<\/td>\n<\/tr>\n<tr>\n<td>3 x 2,5 m<\/td>\n<td>7,5 m<\/td>\n<td>250 cm<\/td>\n<td>1 unid.<\/td>\n<td>3,100 kg<\/td>\n<td>EX750<\/td>\n<\/tr>\n<tr>\n<td>3 x 3 m<\/td>\n<td>9 m<\/td>\n<td>300 cm<\/td>\n<td>1 unid.<\/td>\n<td>3,700 kg<\/td>\n<td>EX900<\/td>\n<\/tr>\n<\/tbody>\n<\/table>\n<\/div>\n<\/div>\n<\/div>\n<\/div>\n<\/div>\n<\/div>\n<\/div>\n<\/div>\n<p>&nbsp;<\/p>\n","protected":false},"excerpt":{"rendered":"<p>Fabricadas em alum\u00ednio anodizado, podem atingir de 1 a 9 metros de altura. S\u00e3o Indicadas [&hellip;]<\/p>\n","protected":false},"featured_media":2907,"comment_status":"closed","ping_status":"closed","template":"","meta":[],"product_brand":[],"product_cat":[250,260,214],"product_tag":[],"class_list":{"0":"post-2906","1":"product","2":"type-product","3":"status-publish","4":"has-post-thumbnail","6":"product_cat-cabos","7":"product_cat-extensoes-e-partes","8":"product_cat-vidros","10":"first","11":"instock","12":"shipping-taxable","13":"product-type-simple"},"_links":{"self":[{"href":"https:\/\/www.kimarca.com.br\/site\/wp-json\/wp\/v2\/product\/2906","targetHints":{"allow":["GET"]}}],"collection":[{"href":"https:\/\/www.kimarca.com.br\/site\/wp-json\/wp\/v2\/product"}],"about":[{"href":"https:\/\/www.kimarca.com.br\/site\/wp-json\/wp\/v2\/types\/product"}],"replies":[{"embeddable":true,"href":"https:\/\/www.kimarca.com.br\/site\/wp-json\/wp\/v2\/comments?post=2906"}],"wp:featuredmedia":[{"embeddable":true,"href":"https:\/\/www.kimarca.com.br\/site\/wp-json\/wp\/v2\/media\/2907"}],"wp:attachment":[{"href":"https:\/\/www.kimarca.com.br\/site\/wp-json\/wp\/v2\/media?parent=2906"}],"wp:term":[{"taxonomy":"product_brand","embeddable":true,"href":"https:\/\/www.kimarca.com.br\/site\/wp-json\/wp\/v2\/product_brand?post=2906"},{"taxonomy":"product_cat","embeddable":true,"href":"https:\/\/www.kimarca.com.br\/site\/wp-json\/wp\/v2\/product_cat?post=2906"},{"taxonomy":"product_tag","embeddable":true,"href":"https:\/\/www.kimarca.com.br\/site\/wp-json\/wp\/v2\/product_tag?post=2906"}],"curies":[{"name":"wp","href":"https:\/\/api.w.org\/{rel}","templated":true}]}}