{"id":2833,"date":"2017-08-17T18:18:59","date_gmt":"2017-08-17T21:18:59","guid":{"rendered":"https:\/\/www.kimarca.com.br\/site\/?post_type=product&#038;p=2833"},"modified":"2024-11-03T23:40:53","modified_gmt":"2024-11-04T02:40:53","slug":"aplicadores-de-cera","status":"publish","type":"product","link":"https:\/\/www.kimarca.com.br\/site\/produto\/aplicadores-de-cera\/","title":{"rendered":"Aplicadores de Cera"},"content":{"rendered":"<div class=\"vc_tta-container\" data-vc-action=\"collapse\">\n<div class=\"vc_general vc_tta vc_tta-tabs vc_tta-o-shape-group vc_tta-tabs-position-top \">\n<div class=\"vc_tta-panels-container\">\n<div class=\"vc_tta-panels\">\n<div id=\"1458228299806-0b58c500-4352\" class=\"vc_tta-panel vc_active\" data-vc-content=\".vc_tta-panel-body\">\n<div class=\"vc_tta-panel-body\">\n<div class=\"wpb_text_column wpb_content_element  vc_custom_1465588365593\">\n<div class=\"wpb_wrapper\">\n<h4><strong>Acess\u00f3rios para Aplicadores Pratic \u2013 Cabo e Aplicador de Cera<\/strong><\/h4>\n<p>O Conjunto Cabo, prolongador e a luva para aplica\u00e7\u00e3o fazerm parte do\u00a0 sistema Pratic\u00a0 e permite a aplica\u00e7\u00e3o de ceras e resinas com economia e camadas mais uniformes gerando um resultado superior.<\/p>\n<p>O sistema de fixa\u00e7\u00e3o mola-trava permite f\u00e1cil coloca\u00e7\u00e3o do cabo e a\u00a0 angula\u00e7\u00e3o de 180\u00ba permite a aplica\u00e7\u00e3o em \u00e1reas de dif\u00edcil acesso com menor esfor\u00e7o por parte do operador e com maior produtividade.<\/p>\n<p>Todos os itens podem ser adquiridos separadamente; em ESPECIFICA\u00c7\u00d5ES est\u00e3o todos os c\u00f3digos dos produtos que fazem desse sistema de aplica\u00e7\u00e3o de cera, o Sistema Pratic.<\/p>\n<\/div>\n<\/div>\n<\/div>\n<\/div>\n<\/div>\n<\/div>\n<\/div>\n<\/div>\n<p>&nbsp;<\/p>\n","protected":false},"excerpt":{"rendered":"<p>Acess\u00f3rios para Aplicadores Pratic \u2013 Cabo e Aplicador de Cera O Conjunto Cabo, prolongador e [&hellip;]<\/p>\n","protected":false},"featured_media":2834,"comment_status":"closed","ping_status":"closed","template":"","meta":[],"product_brand":[],"product_cat":[241,270,260,255],"product_tag":[],"class_list":{"0":"post-2833","1":"product","2":"type-product","3":"status-publish","4":"has-post-thumbnail","6":"product_cat-ceras","7":"product_cat-conjuntos-completos","8":"product_cat-extensoes-e-partes","9":"product_cat-pas-e-vassouras","11":"first","12":"instock","13":"shipping-taxable","14":"product-type-simple"},"_links":{"self":[{"href":"https:\/\/www.kimarca.com.br\/site\/wp-json\/wp\/v2\/product\/2833","targetHints":{"allow":["GET"]}}],"collection":[{"href":"https:\/\/www.kimarca.com.br\/site\/wp-json\/wp\/v2\/product"}],"about":[{"href":"https:\/\/www.kimarca.com.br\/site\/wp-json\/wp\/v2\/types\/product"}],"replies":[{"embeddable":true,"href":"https:\/\/www.kimarca.com.br\/site\/wp-json\/wp\/v2\/comments?post=2833"}],"wp:featuredmedia":[{"embeddable":true,"href":"https:\/\/www.kimarca.com.br\/site\/wp-json\/wp\/v2\/media\/2834"}],"wp:attachment":[{"href":"https:\/\/www.kimarca.com.br\/site\/wp-json\/wp\/v2\/media?parent=2833"}],"wp:term":[{"taxonomy":"product_brand","embeddable":true,"href":"https:\/\/www.kimarca.com.br\/site\/wp-json\/wp\/v2\/product_brand?post=2833"},{"taxonomy":"product_cat","embeddable":true,"href":"https:\/\/www.kimarca.com.br\/site\/wp-json\/wp\/v2\/product_cat?post=2833"},{"taxonomy":"product_tag","embeddable":true,"href":"https:\/\/www.kimarca.com.br\/site\/wp-json\/wp\/v2\/product_tag?post=2833"}],"curies":[{"name":"wp","href":"https:\/\/api.w.org\/{rel}","templated":true}]}}