{"id":2824,"date":"2017-08-17T18:08:11","date_gmt":"2017-08-17T21:08:11","guid":{"rendered":"https:\/\/www.kimarca.com.br\/site\/?post_type=product&#038;p=2824"},"modified":"2024-11-03T23:40:53","modified_gmt":"2024-11-04T02:40:53","slug":"conjunto-finish","status":"publish","type":"product","link":"https:\/\/www.kimarca.com.br\/site\/produto\/conjunto-finish\/","title":{"rendered":"Conjunto Finish"},"content":{"rendered":"<div class=\"vc_tta-container\" data-vc-action=\"collapse\">\n<div class=\"vc_general vc_tta vc_tta-tabs vc_tta-o-shape-group vc_tta-tabs-position-top \">\n<div class=\"vc_tta-panels-container\">\n<div class=\"vc_tta-panels\">\n<div id=\"1458228299806-0b58c500-4352\" class=\"vc_tta-panel vc_active\" data-vc-content=\".vc_tta-panel-body\">\n<div class=\"vc_tta-panel-body\">\n<div class=\"wpb_text_column wpb_content_element vc_custom_1467045590256\">\n<div class=\"wpb_wrapper\">\n<p>O Conjunto Finish permite a aplica\u00e7\u00e3o de ceras ou resinas em diversos pisos de maneira uniforme e econ\u00f4mica.<\/p>\n<p>Todos os itens desse conjunto foram desenvolvidos para proporcionar a m\u00e1xima efic\u00e1cia em sua utiliza\u00e7\u00e3o.<\/p>\n<p>O Conjunto \u00e9 composto por um balde aplicador fabricado em polipropileno, dois refis para a aplica\u00e7\u00e3o de cera, uma arma\u00e7\u00e3o para acomodar o refil e um cabo de alum\u00ednio de 1,40m de altura, para a melhor postura do usu\u00e1rio.<\/p>\n<div class=\"vc_tta-container\" data-vc-action=\"collapse\">\n<div class=\"vc_general vc_tta vc_tta-tabs vc_tta-o-shape-group vc_tta-tabs-position-top \">\n<div class=\"vc_tta-panels-container\">\n<div class=\"vc_tta-panels\">\n<div id=\"1458228299852-90634618-e399\" class=\"vc_tta-panel vc_active\" data-vc-content=\".vc_tta-panel-body\">\n<div class=\"vc_tta-panel-body\">\n<div class=\"wpb_text_column wpb_content_element \">\n<div class=\"wpb_wrapper\">\n<p><strong>Conjunto FINISH = C\u00f3digo CJ300<\/strong><\/p>\n<table border=\"0\" width=\"589\" cellspacing=\"0\" cellpadding=\"0\">\n<tbody>\n<tr>\n<td width=\"308\" height=\"20\">Descri\u00e7\u00e3o Itens<\/td>\n<td width=\"64\">\u00a0Comp.<\/td>\n<td width=\"64\">\u00a0Largura<\/td>\n<td width=\"64\">\u00a0Altura<\/td>\n<td width=\"64\">\u00a0Peso<\/td>\n<td width=\"64\">\u00a0C\u00f3digo<\/td>\n<\/tr>\n<tr>\n<td height=\"20\">\u00a0Balde (C\/ Tela pl\u00e1stica\u00a0 e Tampa p\/ fechamento)<\/td>\n<td>\u00a050 cm<\/td>\n<td>\u00a026 cm<\/td>\n<td>\u00a033 cm<\/td>\n<td>2,300 kg<\/td>\n<td>\u00a0BF200<\/td>\n<\/tr>\n<tr>\n<td height=\"20\">\u00a0Arma\u00e7\u00e3o Plus<\/td>\n<td>\u00a040 cm<\/td>\n<td>\u00a012 cm<\/td>\n<td>\u00a06 cm<\/td>\n<td>0,240 kg<\/td>\n<td>\u00a0AL400<\/td>\n<\/tr>\n<tr>\n<td height=\"20\">\u00a02 refis aplicadores<\/td>\n<td>\u00a040 cm<\/td>\n<td>\u00a018 cm<\/td>\n<td>\u00a04 cm<\/td>\n<td>0,300kg<\/td>\n<td>\u00a0RF400<\/td>\n<\/tr>\n<tr>\n<td height=\"20\">.<\/td>\n<\/tr>\n<tr>\n<td width=\"308\" height=\"20\"><\/td>\n<td width=\"64\"><\/td>\n<td width=\"64\">\u00a0Largura<\/td>\n<td width=\"64\">\u00a0Altura<\/td>\n<td width=\"64\">\u00a0Peso<\/td>\n<td width=\"64\">\u00a0C\u00f3digo<\/td>\n<\/tr>\n<tr>\n<td height=\"20\">\u00a0CABO DE ALUM\u00cdNIO<\/td>\n<td><\/td>\n<td>\u00a0 22 mm<\/td>\n<td>\u00a0 1,40 \u00a0cm<\/td>\n<td>\u00a00,390 kg<\/td>\n<td>\u00a0CM140<\/td>\n<\/tr>\n<\/tbody>\n<\/table>\n<\/div>\n<\/div>\n<\/div>\n<\/div>\n<\/div>\n<\/div>\n<\/div>\n<\/div>\n<p>&nbsp;<\/p>\n<\/div>\n<\/div>\n<\/div>\n<\/div>\n<\/div>\n<\/div>\n<\/div>\n<\/div>\n","protected":false},"excerpt":{"rendered":"<p>O Conjunto Finish permite a aplica\u00e7\u00e3o de ceras ou resinas em diversos pisos de maneira [&hellip;]<\/p>\n","protected":false},"featured_media":2825,"comment_status":"closed","ping_status":"closed","template":"","meta":[],"product_brand":[],"product_cat":[270,260],"product_tag":[],"class_list":{"0":"post-2824","1":"product","2":"type-product","3":"status-publish","4":"has-post-thumbnail","6":"product_cat-conjuntos-completos","7":"product_cat-extensoes-e-partes","9":"first","10":"instock","11":"shipping-taxable","12":"product-type-simple"},"_links":{"self":[{"href":"https:\/\/www.kimarca.com.br\/site\/wp-json\/wp\/v2\/product\/2824","targetHints":{"allow":["GET"]}}],"collection":[{"href":"https:\/\/www.kimarca.com.br\/site\/wp-json\/wp\/v2\/product"}],"about":[{"href":"https:\/\/www.kimarca.com.br\/site\/wp-json\/wp\/v2\/types\/product"}],"replies":[{"embeddable":true,"href":"https:\/\/www.kimarca.com.br\/site\/wp-json\/wp\/v2\/comments?post=2824"}],"wp:featuredmedia":[{"embeddable":true,"href":"https:\/\/www.kimarca.com.br\/site\/wp-json\/wp\/v2\/media\/2825"}],"wp:attachment":[{"href":"https:\/\/www.kimarca.com.br\/site\/wp-json\/wp\/v2\/media?parent=2824"}],"wp:term":[{"taxonomy":"product_brand","embeddable":true,"href":"https:\/\/www.kimarca.com.br\/site\/wp-json\/wp\/v2\/product_brand?post=2824"},{"taxonomy":"product_cat","embeddable":true,"href":"https:\/\/www.kimarca.com.br\/site\/wp-json\/wp\/v2\/product_cat?post=2824"},{"taxonomy":"product_tag","embeddable":true,"href":"https:\/\/www.kimarca.com.br\/site\/wp-json\/wp\/v2\/product_tag?post=2824"}],"curies":[{"name":"wp","href":"https:\/\/api.w.org\/{rel}","templated":true}]}}