{"id":2814,"date":"2017-08-17T18:01:06","date_gmt":"2017-08-17T21:01:06","guid":{"rendered":"https:\/\/www.kimarca.com.br\/site\/?post_type=product&#038;p=2814"},"modified":"2024-11-03T23:40:54","modified_gmt":"2024-11-04T02:40:54","slug":"rodo-twister","status":"publish","type":"product","link":"https:\/\/www.kimarca.com.br\/site\/produto\/rodo-twister\/","title":{"rendered":"Rodo Twister"},"content":{"rendered":"<div class=\"vc_tta-container\" data-vc-action=\"collapse\">\n<div class=\"vc_general vc_tta vc_tta-tabs vc_tta-o-shape-group vc_tta-tabs-position-top \">\n<div class=\"vc_tta-panels-container\">\n<div class=\"vc_tta-panels\">\n<div id=\"1458228299806-0b58c500-4352\" class=\"vc_tta-panel vc_active\" data-vc-content=\".vc_tta-panel-body\">\n<div class=\"vc_tta-panel-body\">\n<div class=\"wpb_text_column wpb_content_element  vc_custom_1490386435828\">\n<div class=\"wpb_wrapper\">\n<p>Seu sistema de borracha com canto vivo permite recolher l\u00edquidos, deixando o piso totalmente seco com menos esfor\u00e7o. \u00c9 o \u00fanico rodo que tamb\u00e9m pode ser utilizado para recolhimento de sujidades a seco em locais como salas limpas e hospitais. Produzido em alum\u00ednio e borracha nitr\u00edlica que permite a troca da l\u00e2mina.<\/p>\n<p>Este equipamento foi projetado para espa\u00e7os e lugares onde haja a necessidade de angula\u00e7\u00e3o do cabo; como para limpar embaixo de g\u00f4ndolas e mob\u00edlias \u00a0e \u00e1rea restritas.<\/p>\n<\/div>\n<\/div>\n<\/div>\n<\/div>\n<\/div>\n<\/div>\n<\/div>\n<\/div>\n<div class=\"vc_tta-container\" data-vc-action=\"collapse\">\n<div class=\"vc_general vc_tta vc_tta-tabs vc_tta-o-shape-group vc_tta-tabs-position-top \">\n<div class=\"vc_tta-panels-container\">\n<div class=\"vc_tta-panels\">\n<div id=\"1458228299852-90634618-e399\" class=\"vc_tta-panel vc_active\" data-vc-content=\".vc_tta-panel-body\">\n<div class=\"vc_tta-panel-body\">\n<div class=\"wpb_text_column wpb_content_element \">\n<div class=\"wpb_wrapper\">\n<table border=\"0\" width=\"505\" cellspacing=\"0\" cellpadding=\"0\">\n<tbody>\n<tr>\n<td width=\"164\" height=\"20\">Descri\u00e7\u00e3o<\/td>\n<td width=\"64\">Largura<\/td>\n<td width=\"64\">Altura<\/td>\n<td width=\"85\">Embalagem<\/td>\n<td width=\"64\">Peso<\/td>\n<td width=\"64\">C\u00f3digo<\/td>\n<\/tr>\n<tr>\n<td height=\"20\">Rodo Twister sem cabo<\/td>\n<td>48 cm<\/td>\n<td>12 cm<\/td>\n<td>1 UN<\/td>\n<td>0,380 kg<\/td>\n<td>MVRT450<\/td>\n<\/tr>\n<tr>\n<td height=\"20\">Rodo Twister com cabo<\/td>\n<td>48 cm<\/td>\n<td>1,40 m<\/td>\n<td>1 UN<\/td>\n<td>0,770 kg<\/td>\n<td>RT451<\/td>\n<\/tr>\n<tr>\n<td height=\"20\">L\u00e2mina refil<\/td>\n<td>48 cm<\/td>\n<td>5 cm<\/td>\n<td>1 UN<\/td>\n<td>0,125 kg<\/td>\n<td>RT400<\/td>\n<\/tr>\n<tr>\n<td height=\"20\">Di\u00e2metro Cabo<\/td>\n<td>24 mm<\/td>\n<td>1,40 m<\/td>\n<td>1 UN<\/td>\n<td>0,390 kg<\/td>\n<td>CL140<\/td>\n<\/tr>\n<\/tbody>\n<\/table>\n<\/div>\n<\/div>\n<\/div>\n<\/div>\n<\/div>\n<\/div>\n<\/div>\n<\/div>\n<p>&nbsp;<\/p>\n","protected":false},"excerpt":{"rendered":"<p>Seu sistema de borracha com canto vivo permite recolher l\u00edquidos, deixando o piso totalmente seco [&hellip;]<\/p>\n","protected":false},"featured_media":2815,"comment_status":"closed","ping_status":"closed","template":"","meta":[],"product_brand":[],"product_cat":[211,260,253],"product_tag":[],"class_list":{"0":"post-2814","1":"product","2":"type-product","3":"status-publish","4":"has-post-thumbnail","6":"product_cat-acessorios","7":"product_cat-extensoes-e-partes","8":"product_cat-rodos-e-raspadores","10":"first","11":"instock","12":"shipping-taxable","13":"product-type-simple"},"_links":{"self":[{"href":"https:\/\/www.kimarca.com.br\/site\/wp-json\/wp\/v2\/product\/2814","targetHints":{"allow":["GET"]}}],"collection":[{"href":"https:\/\/www.kimarca.com.br\/site\/wp-json\/wp\/v2\/product"}],"about":[{"href":"https:\/\/www.kimarca.com.br\/site\/wp-json\/wp\/v2\/types\/product"}],"replies":[{"embeddable":true,"href":"https:\/\/www.kimarca.com.br\/site\/wp-json\/wp\/v2\/comments?post=2814"}],"wp:featuredmedia":[{"embeddable":true,"href":"https:\/\/www.kimarca.com.br\/site\/wp-json\/wp\/v2\/media\/2815"}],"wp:attachment":[{"href":"https:\/\/www.kimarca.com.br\/site\/wp-json\/wp\/v2\/media?parent=2814"}],"wp:term":[{"taxonomy":"product_brand","embeddable":true,"href":"https:\/\/www.kimarca.com.br\/site\/wp-json\/wp\/v2\/product_brand?post=2814"},{"taxonomy":"product_cat","embeddable":true,"href":"https:\/\/www.kimarca.com.br\/site\/wp-json\/wp\/v2\/product_cat?post=2814"},{"taxonomy":"product_tag","embeddable":true,"href":"https:\/\/www.kimarca.com.br\/site\/wp-json\/wp\/v2\/product_tag?post=2814"}],"curies":[{"name":"wp","href":"https:\/\/api.w.org\/{rel}","templated":true}]}}