{"id":2786,"date":"2017-08-17T17:31:11","date_gmt":"2017-08-17T20:31:11","guid":{"rendered":"https:\/\/www.kimarca.com.br\/site\/?post_type=product&#038;p=2786"},"modified":"2024-11-03T23:40:54","modified_gmt":"2024-11-04T02:40:54","slug":"cabos-ergonomicos-de-aluminio","status":"publish","type":"product","link":"https:\/\/www.kimarca.com.br\/site\/produto\/cabos-ergonomicos-de-aluminio\/","title":{"rendered":"Cabos Ergon\u00f4micos de Alum\u00ednio"},"content":{"rendered":"<div class=\"vc_tta-container\" data-vc-action=\"collapse\">\n<div class=\"vc_general vc_tta vc_tta-tabs vc_tta-o-shape-group vc_tta-tabs-position-top \">\n<div class=\"vc_tta-panels-container\">\n<div class=\"vc_tta-panels\">\n<div id=\"1458228299806-0b58c500-4352\" class=\"vc_tta-panel vc_active\" data-vc-content=\".vc_tta-panel-body\">\n<div class=\"vc_tta-panel-body\">\n<div class=\"wpb_text_column wpb_content_element  vc_custom_1471355251509\">\n<div class=\"wpb_wrapper\">\n<p>S\u00e3o utilizados com os mais diversos acess\u00f3rios produzidos pela Bralimpia \u00a0e podem ser utilizados, tamb\u00e9m, com produtos encontrados no mercado em geral.<\/p>\n<p>Os cabos tem a\u00a0altura certa para\u00a0oferecerem excelente durabilidade e ergonomia, \u00a0permitindo aos operadores manterem a sua\u00a0 postura ereta, evitando danos \u00e0 sa\u00fade.<\/p>\n<p>Podem ser facilmente higienizados e s\u00e3o fornecidos em diversas vers\u00f5es, com e sem encaixes ou roscas para fixa\u00e7\u00e3o.<\/p>\n<p>Os cabos fabricados em alum\u00ednio anodizado quando coloridos, apresentam pintura eletrost\u00e1tica de alta resist\u00eancia e em 5\u00a0cores\u00a0 apresentadas: Vermelho, Azul, Amarelo, Verde e Fosco.<\/p>\n<p>&nbsp;<\/p>\n<h4><strong>VEJA ABAIXO O QUADRO CONTENDO IMAGENS DAS VERS\u00d5ES EXISTENTES PARA O CABO DE ALUM\u00cdNIO ERGON\u00d4MICO.<\/strong><\/h4>\n<p>&nbsp;<\/p>\n<p>Possuem manoplas\u00a0para que possam oferecer seguran\u00e7a e conforto ao usu\u00e1rio na realiza\u00e7\u00e3o das tarefas de limpeza.<\/p>\n<p>Os cabos coloridos permitem a identifica\u00e7\u00e3o e a diferencia\u00e7\u00e3o das \u00e1reas de trabalho e este procedimento est\u00e1 adequado conforme a NR 32.<\/p>\n<\/div>\n<\/div>\n<\/div>\n<\/div>\n<\/div>\n<\/div>\n<\/div>\n<\/div>\n<p>&nbsp;<\/p>\n","protected":false},"excerpt":{"rendered":"<p>S\u00e3o utilizados com os mais diversos acess\u00f3rios produzidos pela Bralimpia \u00a0e podem ser utilizados, tamb\u00e9m, [&hellip;]<\/p>\n","protected":false},"featured_media":2787,"comment_status":"closed","ping_status":"closed","template":"","meta":[],"product_brand":[],"product_cat":[250,260],"product_tag":[],"class_list":{"0":"post-2786","1":"product","2":"type-product","3":"status-publish","4":"has-post-thumbnail","6":"product_cat-cabos","7":"product_cat-extensoes-e-partes","9":"first","10":"instock","11":"shipping-taxable","12":"product-type-simple"},"_links":{"self":[{"href":"https:\/\/www.kimarca.com.br\/site\/wp-json\/wp\/v2\/product\/2786","targetHints":{"allow":["GET"]}}],"collection":[{"href":"https:\/\/www.kimarca.com.br\/site\/wp-json\/wp\/v2\/product"}],"about":[{"href":"https:\/\/www.kimarca.com.br\/site\/wp-json\/wp\/v2\/types\/product"}],"replies":[{"embeddable":true,"href":"https:\/\/www.kimarca.com.br\/site\/wp-json\/wp\/v2\/comments?post=2786"}],"wp:featuredmedia":[{"embeddable":true,"href":"https:\/\/www.kimarca.com.br\/site\/wp-json\/wp\/v2\/media\/2787"}],"wp:attachment":[{"href":"https:\/\/www.kimarca.com.br\/site\/wp-json\/wp\/v2\/media?parent=2786"}],"wp:term":[{"taxonomy":"product_brand","embeddable":true,"href":"https:\/\/www.kimarca.com.br\/site\/wp-json\/wp\/v2\/product_brand?post=2786"},{"taxonomy":"product_cat","embeddable":true,"href":"https:\/\/www.kimarca.com.br\/site\/wp-json\/wp\/v2\/product_cat?post=2786"},{"taxonomy":"product_tag","embeddable":true,"href":"https:\/\/www.kimarca.com.br\/site\/wp-json\/wp\/v2\/product_tag?post=2786"}],"curies":[{"name":"wp","href":"https:\/\/api.w.org\/{rel}","templated":true}]}}