{"id":2734,"date":"2017-08-17T13:54:14","date_gmt":"2017-08-17T16:54:14","guid":{"rendered":"https:\/\/www.kimarca.com.br\/site\/?post_type=product&#038;p=2734"},"modified":"2024-11-03T23:40:54","modified_gmt":"2024-11-04T02:40:54","slug":"coletores-protector-impermeaveis-80-litros","status":"publish","type":"product","link":"https:\/\/www.kimarca.com.br\/site\/produto\/coletores-protector-impermeaveis-80-litros\/","title":{"rendered":"Coletores Protector Imperme\u00e1veis &#8211; 80 Litros"},"content":{"rendered":"<div class=\"vc_tta-container\" data-vc-action=\"collapse\">\n<div class=\"vc_general vc_tta vc_tta-tabs vc_tta-o-shape-group vc_tta-tabs-position-top \">\n<div class=\"vc_tta-panels-container\">\n<div class=\"vc_tta-panels\">\n<div id=\"1458228299806-0b58c500-4352\" class=\"vc_tta-panel vc_active\" data-vc-content=\".vc_tta-panel-body\">\n<div class=\"vc_tta-panel-body\">\n<div class=\"wpb_text_column wpb_content_element  vc_custom_1470330429099\">\n<div class=\"wpb_wrapper\">\n<p><strong>Fabricado em Polipropileno de alta resist\u00eancia e projetado para ser usado em \u00e1reas externas e internas de quaisquer ambientes, este coletor com formato cil\u00edndrico e capacidade para 80 litros\u00a0 possui tampa arredondada com protetor contra respingos.<\/strong><\/p>\n<p>Totalmente imperme\u00e1vel tem um sistema de tampa com fechamento herm\u00e9tico que\u00a0 impede a dispers\u00e3o de odores e a contamina\u00e7\u00e3o por insetos.<\/p>\n<p>De f\u00e1cil limpeza e higieniza\u00e7\u00e3o, s\u00e3o fornecidos em v\u00e1rias cores, inclusive as da coleta seletiva e seus respectivos adesivos de identifica\u00e7\u00e3o.<\/p>\n<h4><strong>COLETORES PROTECTOR IMPERME\u00c1VEIS \u2013 80 L \u00a0\u2013 8 CORES<\/strong><\/h4>\n<p>Amarelo \u2013 Azul \u2013 Branco \u2013 Cinza \u2013 Laranja \u2013 Preto \u2013 Verde \u2013 Vermelho<\/p>\n<\/div>\n<\/div>\n<\/div>\n<\/div>\n<\/div>\n<\/div>\n<\/div>\n<\/div>\n<div class=\"vc_tta-container\" data-vc-action=\"collapse\">\n<div class=\"vc_general vc_tta vc_tta-tabs vc_tta-o-shape-group vc_tta-tabs-position-top \">\n<div class=\"vc_tta-panels-container\">\n<div class=\"vc_tta-panels\">\n<div id=\"1458228299852-90634618-e399\" class=\"vc_tta-panel vc_active\" data-vc-content=\".vc_tta-panel-body\">\n<div class=\"vc_tta-panel-body\">\n<div class=\"wpb_text_column wpb_content_element \">\n<div class=\"wpb_wrapper\">\n<table width=\"230\">\n<tbody>\n<tr>\n<td width=\"82\">COR<\/td>\n<td colspan=\"2\" width=\"230\">C\u00d3DIGOS<\/td>\n<\/tr>\n<tr>\n<td width=\"109\"><\/td>\n<td width=\"109\">C\/Adesivo<\/td>\n<td>S\/Adesivo<\/td>\n<\/tr>\n<tr>\n<td width=\"109\">Amarelo<\/td>\n<td width=\"109\">\u00a0 CB80AM<\/td>\n<td>CS80AM<\/td>\n<\/tr>\n<tr>\n<td width=\"109\">Azul<\/td>\n<td width=\"109\">CB80AZ<\/td>\n<td>CS80AZ<\/td>\n<\/tr>\n<tr>\n<td width=\"109\">Branca<\/td>\n<td width=\"109\">CB80BR<\/td>\n<td>CS80BR<\/td>\n<\/tr>\n<tr>\n<td width=\"109\">Cinza<\/td>\n<td width=\"109\">CB80CZ<\/td>\n<td>CS80CZ<\/td>\n<\/tr>\n<tr>\n<td width=\"109\">Laranja<\/td>\n<td width=\"109\">CB80LR<\/td>\n<td>CS80LR<\/td>\n<\/tr>\n<tr>\n<td width=\"109\">Preta<\/td>\n<td width=\"109\">CB80PR<\/td>\n<td>CS80PR<\/td>\n<\/tr>\n<tr>\n<td width=\"109\">Verde<\/td>\n<td width=\"109\">CB80VD<\/td>\n<td>CS80VD<\/td>\n<\/tr>\n<tr>\n<td width=\"109\">Vermelho<\/td>\n<td width=\"109\">CB80VM<\/td>\n<td>CS80VM<\/td>\n<\/tr>\n<\/tbody>\n<\/table>\n<p>&nbsp;<\/p>\n<h4><strong>Dimens\u00f5es COLETOR PROTECTOR 80 Litros<\/strong><\/h4>\n<p>&nbsp;<\/p>\n<table width=\"389\">\n<tbody>\n<tr>\n<td width=\"65\"><strong>Di\u00e2metro<\/strong><\/td>\n<td width=\"82\"><strong>Altura<\/strong><\/td>\n<td width=\"57\"><strong>Embalagem<\/strong><\/td>\n<td width=\"75\"><strong>Peso<\/strong><\/td>\n<\/tr>\n<tr>\n<td width=\"65\">40 cm<\/td>\n<td width=\"82\">98 cm<\/td>\n<td width=\"57\">01 \u00a0UN<\/td>\n<td width=\"57\">5,800 Kg<\/td>\n<\/tr>\n<\/tbody>\n<\/table>\n<\/div>\n<\/div>\n<\/div>\n<\/div>\n<\/div>\n<\/div>\n<\/div>\n<\/div>\n<p>&nbsp;<\/p>\n","protected":false},"excerpt":{"rendered":"<p>Fabricado em Polipropileno de alta resist\u00eancia e projetado para ser usado em \u00e1reas externas e [&hellip;]<\/p>\n","protected":false},"featured_media":2735,"comment_status":"closed","ping_status":"closed","template":"","meta":[],"product_brand":[],"product_cat":[249],"product_tag":[],"class_list":{"0":"post-2734","1":"product","2":"type-product","3":"status-publish","4":"has-post-thumbnail","6":"product_cat-coletores","8":"first","9":"instock","10":"shipping-taxable","11":"product-type-simple"},"_links":{"self":[{"href":"https:\/\/www.kimarca.com.br\/site\/wp-json\/wp\/v2\/product\/2734","targetHints":{"allow":["GET"]}}],"collection":[{"href":"https:\/\/www.kimarca.com.br\/site\/wp-json\/wp\/v2\/product"}],"about":[{"href":"https:\/\/www.kimarca.com.br\/site\/wp-json\/wp\/v2\/types\/product"}],"replies":[{"embeddable":true,"href":"https:\/\/www.kimarca.com.br\/site\/wp-json\/wp\/v2\/comments?post=2734"}],"wp:featuredmedia":[{"embeddable":true,"href":"https:\/\/www.kimarca.com.br\/site\/wp-json\/wp\/v2\/media\/2735"}],"wp:attachment":[{"href":"https:\/\/www.kimarca.com.br\/site\/wp-json\/wp\/v2\/media?parent=2734"}],"wp:term":[{"taxonomy":"product_brand","embeddable":true,"href":"https:\/\/www.kimarca.com.br\/site\/wp-json\/wp\/v2\/product_brand?post=2734"},{"taxonomy":"product_cat","embeddable":true,"href":"https:\/\/www.kimarca.com.br\/site\/wp-json\/wp\/v2\/product_cat?post=2734"},{"taxonomy":"product_tag","embeddable":true,"href":"https:\/\/www.kimarca.com.br\/site\/wp-json\/wp\/v2\/product_tag?post=2734"}],"curies":[{"name":"wp","href":"https:\/\/api.w.org\/{rel}","templated":true}]}}