{"id":2726,"date":"2017-08-17T13:50:04","date_gmt":"2017-08-17T16:50:04","guid":{"rendered":"https:\/\/www.kimarca.com.br\/site\/?post_type=product&#038;p=2726"},"modified":"2024-11-03T23:40:55","modified_gmt":"2024-11-04T02:40:55","slug":"coletores-50-litros-com-suporte","status":"publish","type":"product","link":"https:\/\/www.kimarca.com.br\/site\/produto\/coletores-50-litros-com-suporte\/","title":{"rendered":"Coletores 50 Litros \u2013 Com Suporte"},"content":{"rendered":"<div class=\"vc_tta-container\" data-vc-action=\"collapse\">\n<div class=\"vc_general vc_tta vc_tta-tabs vc_tta-o-shape-group vc_tta-tabs-position-top \">\n<div class=\"vc_tta-panels-container\">\n<div class=\"vc_tta-panels\">\n<div id=\"1458228299806-0b58c500-4352\" class=\"vc_tta-panel vc_active\" data-vc-content=\".vc_tta-panel-body\">\n<div class=\"vc_tta-panel-body\">\n<div class=\"wpb_text_column wpb_content_element  vc_custom_1462911563296\">\n<div class=\"wpb_wrapper\">\n<h4><strong>Coletores Suporte Fixa\u00e7\u00e3o Pl\u00e1stico \u2013 50 Litros<\/strong><\/h4>\n<p>Produzidos em polipropileno de alta resist\u00eancia. Indicados para coleta seletiva de res\u00edduos em \u00e1reas externas.<\/p>\n<p>Com capacidade para 50 litros. Tampa de abertura frontal com chave.<\/p>\n<\/div>\n<\/div>\n<div class=\"wpb_text_column wpb_content_element  vc_custom_1471002110385\">\n<div class=\"wpb_wrapper\">\n<h4><strong>Coletores Suporte Fixa\u00e7\u00e3o Metal \u2013 50 Litros<\/strong><\/h4>\n<p>Oferecem excelente durabilidade e facilidade para a descarga do material coletado. Possuem em sua composi\u00e7\u00e3o,compostos que protegem contra raios UV,\u00a0podendo ficar expostos\u00a0ao tempo sem desbotar a cor.Tampa de abertura frontal com chave.<\/p>\n<h4><strong>Estruturas Met\u00e1licas para Fixa\u00e7\u00e3o de Coletores\u2013 50 Litros<\/strong><\/h4>\n<p>Abaixo, indicamos para acomodarem os coletores \u00a0de METAL OU PL\u00c1STICOS, as ESTRUTURAS MET\u00c1LICAS PARA FIXA\u00c7\u00c3O.<\/p>\n<p>Essas estruturas met\u00e1licas apresentam pintura eletrost\u00e1tica para a montagem de conjuntos de separa\u00e7\u00e3o de res\u00edduos. Estes m\u00f3dulos est\u00e3o dispon\u00edveis apenas na cor preta.<\/p>\n<\/div>\n<\/div>\n<\/div>\n<\/div>\n<\/div>\n<\/div>\n<\/div>\n<\/div>\n<p>&nbsp;<\/p>\n","protected":false},"excerpt":{"rendered":"<p>Coletores Suporte Fixa\u00e7\u00e3o Pl\u00e1stico \u2013 50 Litros Produzidos em polipropileno de alta resist\u00eancia. Indicados para [&hellip;]<\/p>\n","protected":false},"featured_media":2727,"comment_status":"closed","ping_status":"closed","template":"","meta":[],"product_brand":[],"product_cat":[249],"product_tag":[],"class_list":{"0":"post-2726","1":"product","2":"type-product","3":"status-publish","4":"has-post-thumbnail","6":"product_cat-coletores","8":"first","9":"instock","10":"shipping-taxable","11":"product-type-simple"},"_links":{"self":[{"href":"https:\/\/www.kimarca.com.br\/site\/wp-json\/wp\/v2\/product\/2726","targetHints":{"allow":["GET"]}}],"collection":[{"href":"https:\/\/www.kimarca.com.br\/site\/wp-json\/wp\/v2\/product"}],"about":[{"href":"https:\/\/www.kimarca.com.br\/site\/wp-json\/wp\/v2\/types\/product"}],"replies":[{"embeddable":true,"href":"https:\/\/www.kimarca.com.br\/site\/wp-json\/wp\/v2\/comments?post=2726"}],"wp:featuredmedia":[{"embeddable":true,"href":"https:\/\/www.kimarca.com.br\/site\/wp-json\/wp\/v2\/media\/2727"}],"wp:attachment":[{"href":"https:\/\/www.kimarca.com.br\/site\/wp-json\/wp\/v2\/media?parent=2726"}],"wp:term":[{"taxonomy":"product_brand","embeddable":true,"href":"https:\/\/www.kimarca.com.br\/site\/wp-json\/wp\/v2\/product_brand?post=2726"},{"taxonomy":"product_cat","embeddable":true,"href":"https:\/\/www.kimarca.com.br\/site\/wp-json\/wp\/v2\/product_cat?post=2726"},{"taxonomy":"product_tag","embeddable":true,"href":"https:\/\/www.kimarca.com.br\/site\/wp-json\/wp\/v2\/product_tag?post=2726"}],"curies":[{"name":"wp","href":"https:\/\/api.w.org\/{rel}","templated":true}]}}