{"id":2724,"date":"2017-08-17T13:48:00","date_gmt":"2017-08-17T16:48:00","guid":{"rendered":"https:\/\/www.kimarca.com.br\/site\/?post_type=product&#038;p=2724"},"modified":"2024-11-03T23:40:55","modified_gmt":"2024-11-04T02:40:55","slug":"coletores-lixeiras-50-litros-alca","status":"publish","type":"product","link":"https:\/\/www.kimarca.com.br\/site\/produto\/coletores-lixeiras-50-litros-alca\/","title":{"rendered":"Coletores Lixeiras \u2013 50 Litros Al\u00e7a"},"content":{"rendered":"<div class=\"vc_tta-container\" data-vc-action=\"collapse\">\n<div class=\"vc_general vc_tta vc_tta-tabs vc_tta-o-shape-group vc_tta-tabs-position-top \">\n<div class=\"vc_tta-panels-container\">\n<div class=\"vc_tta-panels\">\n<div id=\"1458228299806-0b58c500-4352\" class=\"vc_tta-panel vc_active\" data-vc-content=\".vc_tta-panel-body\">\n<div class=\"vc_tta-panel-body\">\n<div class=\"wpb_text_column wpb_content_element vc_custom_1470255941113\">\n<div class=\"wpb_wrapper\">\n<p><strong>Produzidas em Polipropileno, apresentam suas superf\u00edcies internas e externas um acabamento liso que facilita\u00a0 a limpeza e higieniza\u00e7\u00e3o.<\/strong><\/p>\n<p>A sua utiliza\u00e7\u00e3o \u00e9 bem vers\u00e1til al\u00e9m de serem extremamente resistentes. Possuem al\u00e7as para o seu\u00a0 f\u00e1cil transporte, principalmente se acoplado aos\u00a0<strong>M\u00f3dulos de Sistema de Coletores<\/strong>\u00a0com rodas<\/p>\n<h4><strong>TAMPAS EM 3 MODELOS \u2013 9 CORES<\/strong><\/h4>\n<p>Estes coletores lixeiras de 50L apresentam 03 vers\u00f5es de\u00a0<strong>Tampas em at\u00e9 09 cores.\u00a0<\/strong>Abaixo est\u00e3o os c\u00f3digos e os tipos de tampas dispon\u00edveis:<\/p>\n<p><strong>SIMPLES \u00a0\u2013 BASCULANTE FRONTAL \u2013 BASCULANTE TRANSVERSAL<\/strong><\/p>\n<h4><strong>SISTEMA DE M\u00d3DULOS PARA COLETORES \u2013 CONJUNTO<\/strong><\/h4>\n<p>Os\u00a0<strong>\u00a0M\u00f3dulos para Sistema de Coletores<\/strong>\u00a0s\u00e3o um aux\u00edlio importante para a prote\u00e7\u00e3o do coletor em rela\u00e7\u00e3o ao piso onde\u00a0 ser\u00e1 colocado, ou para sua movimenta\u00e7\u00e3o.<\/p>\n<p>Esses\u00a0<strong>M\u00f3dulos<\/strong>\u00a0podem ser apresentados<strong>\u00a0COM ou SEM RODAS<\/strong>\u00a0para\u00a0 01 a 06 coletores, fixando-os com seguran\u00e7a para a sua movimenta\u00e7\u00e3o individual ou em conjunto. Abaixo est\u00e3o os c\u00f3digos e suas combina\u00e7\u00f5es para forma\u00e7\u00e3o dos conjuntos desejados.<\/p>\n<p>&nbsp;<\/p>\n<\/div>\n<\/div>\n<\/div>\n<\/div>\n<\/div>\n<\/div>\n<\/div>\n<\/div>\n<div class=\"vc_tta-container\" data-vc-action=\"collapse\">\n<div class=\"vc_general vc_tta vc_tta-tabs vc_tta-o-shape-group vc_tta-tabs-position-top \">\n<div class=\"vc_tta-panels-container\">\n<div class=\"vc_tta-panels\">\n<div id=\"1458228299852-90634618-e399\" class=\"vc_tta-panel vc_active\" data-vc-content=\".vc_tta-panel-body\">\n<div class=\"vc_tta-panel-body\">\n<div class=\"wpb_text_column wpb_content_element \">\n<div class=\"wpb_wrapper\">\n<table border=\"0\" width=\"510\" cellspacing=\"0\" cellpadding=\"0\">\n<tbody>\n<tr>\n<td>Compimento<\/td>\n<td>Largura<\/td>\n<td>Altura<\/td>\n<td>Peso<\/td>\n<td><\/td>\n<\/tr>\n<tr>\n<td>48cm<\/td>\n<td>26 cm<\/td>\n<td>65 cm<\/td>\n<td>1,95kg<\/td>\n<td><\/td>\n<\/tr>\n<\/tbody>\n<tbody>\n<tr>\n<td>\n<h5>Cor<\/h5>\n<\/td>\n<td colspan=\"2\">\n<h5>C\u00f3digos<\/h5>\n<\/td>\n<\/tr>\n<tr>\n<td>\n<h5>.<\/h5>\n<\/td>\n<td>\n<h5>C\/ Adesivo<\/h5>\n<\/td>\n<td>\n<h5>S\/Adesivo<\/h5>\n<\/td>\n<\/tr>\n<tr>\n<td>Amarelo<\/td>\n<td>LX52AM<\/td>\n<td>LS52AM<\/td>\n<\/tr>\n<tr>\n<td>Azul<\/td>\n<td>LX52AZ<\/td>\n<td>LS52AZ<\/td>\n<\/tr>\n<tr>\n<td>Branca<\/td>\n<td>LX52BR<\/td>\n<td>LS52BR<\/td>\n<\/tr>\n<tr>\n<td>Cinza<\/td>\n<td>LX52CZ<\/td>\n<td>LS52CZ<\/td>\n<\/tr>\n<tr>\n<td>Laranja<\/td>\n<td>LX52LJ<\/td>\n<td>LS52LJ<\/td>\n<\/tr>\n<tr>\n<td>Marrom<\/td>\n<td>LX52MR<\/td>\n<td>LS52MR<\/td>\n<\/tr>\n<tr>\n<td>Preta<\/td>\n<td>LX52PR<\/td>\n<td>LS52PR<\/td>\n<\/tr>\n<tr>\n<td>Verde<\/td>\n<td>LX52VD<\/td>\n<td>LS52VD<\/td>\n<\/tr>\n<tr>\n<td>Vermelha<\/td>\n<td>LX52VM<\/td>\n<td>LS52VM<\/td>\n<\/tr>\n<\/tbody>\n<\/table>\n<\/div>\n<\/div>\n<\/div>\n<\/div>\n<\/div>\n<\/div>\n<\/div>\n<\/div>\n<p>&nbsp;<\/p>\n","protected":false},"excerpt":{"rendered":"<p>Produzidas em Polipropileno, apresentam suas superf\u00edcies internas e externas um acabamento liso que facilita\u00a0 a [&hellip;]<\/p>\n","protected":false},"featured_media":2725,"comment_status":"closed","ping_status":"closed","template":"","meta":[],"product_brand":[],"product_cat":[249],"product_tag":[],"class_list":{"0":"post-2724","1":"product","2":"type-product","3":"status-publish","4":"has-post-thumbnail","6":"product_cat-coletores","8":"first","9":"instock","10":"shipping-taxable","11":"product-type-simple"},"_links":{"self":[{"href":"https:\/\/www.kimarca.com.br\/site\/wp-json\/wp\/v2\/product\/2724","targetHints":{"allow":["GET"]}}],"collection":[{"href":"https:\/\/www.kimarca.com.br\/site\/wp-json\/wp\/v2\/product"}],"about":[{"href":"https:\/\/www.kimarca.com.br\/site\/wp-json\/wp\/v2\/types\/product"}],"replies":[{"embeddable":true,"href":"https:\/\/www.kimarca.com.br\/site\/wp-json\/wp\/v2\/comments?post=2724"}],"wp:featuredmedia":[{"embeddable":true,"href":"https:\/\/www.kimarca.com.br\/site\/wp-json\/wp\/v2\/media\/2725"}],"wp:attachment":[{"href":"https:\/\/www.kimarca.com.br\/site\/wp-json\/wp\/v2\/media?parent=2724"}],"wp:term":[{"taxonomy":"product_brand","embeddable":true,"href":"https:\/\/www.kimarca.com.br\/site\/wp-json\/wp\/v2\/product_brand?post=2724"},{"taxonomy":"product_cat","embeddable":true,"href":"https:\/\/www.kimarca.com.br\/site\/wp-json\/wp\/v2\/product_cat?post=2724"},{"taxonomy":"product_tag","embeddable":true,"href":"https:\/\/www.kimarca.com.br\/site\/wp-json\/wp\/v2\/product_tag?post=2724"}],"curies":[{"name":"wp","href":"https:\/\/api.w.org\/{rel}","templated":true}]}}