{"id":2716,"date":"2017-08-17T13:35:48","date_gmt":"2017-08-17T16:35:48","guid":{"rendered":"https:\/\/www.kimarca.com.br\/site\/?post_type=product&#038;p=2716"},"modified":"2024-11-03T23:40:55","modified_gmt":"2024-11-04T02:40:55","slug":"cestos-cinzeiros","status":"publish","type":"product","link":"https:\/\/www.kimarca.com.br\/site\/produto\/cestos-cinzeiros\/","title":{"rendered":"Cestos Cinzeiros"},"content":{"rendered":"<p>Os Cestos Cinzeiros s\u00e3o produzidos em polipropileno com bojo em alum\u00ednio para dep\u00f3sito de cinzas e descarte de cigarros.<\/p>\n<p>Muito resistente e dur\u00e1vel, este produto pode ser higienizado com facilidade utilizando detergente neutro para sua limpeza interna e externa.<\/p>\n<h4><strong>CESTOS CINZEIROS<\/strong><\/h4>\n<p>Bege \u2013 Branco \u2013 Cinza \u00a0\u2013 Laranja \u2013 Marrom \u2013 Preto<\/p>\n<p>Dispon\u00edveis em 06 cores, acima descritas, estes cinzeiros podem ser dispostos em \u00e1rea internas e externas de diversos ambientes\u00a0 onde se fa\u00e7am necess\u00e1rios ocupando pouco espa\u00e7o pois seu di\u00e2metro \u00e9 de 24cm.<\/p>\n<table class=\" aligncenter\" width=\"270\">\n<tbody>\n<tr>\n<td width=\"270\">\n<h5><strong>Cor<\/strong><\/h5>\n<\/td>\n<td width=\"56\">\n<h5><strong>C\u00f3digo<\/strong><\/h5>\n<\/td>\n<\/tr>\n<tr>\n<td>Bege<\/td>\n<td>MVCZ51BG<\/td>\n<\/tr>\n<tr>\n<td>Branco<\/td>\n<td>MVCZ51BR<\/td>\n<\/tr>\n<tr>\n<td>Cinza<\/td>\n<td>MVCZ51CZ<\/td>\n<\/tr>\n<tr>\n<td>Laranja<\/td>\n<td>MVCZ51LJ<\/td>\n<\/tr>\n<tr>\n<td>Marrom<\/td>\n<td>MVCZ51MR<\/td>\n<\/tr>\n<tr>\n<td>Preto<\/td>\n<td>MVCZ51PR<\/td>\n<\/tr>\n<\/tbody>\n<tbody>\n<tr>\n<td width=\"65\"><strong>Di\u00e2metro<\/strong><\/td>\n<td width=\"82\"><strong>Altura<\/strong><\/td>\n<td width=\"57\"><strong>Emb.<\/strong><\/td>\n<td width=\"109\"><strong>Peso<\/strong><\/td>\n<\/tr>\n<tr>\n<td width=\"65\">24 cm<\/td>\n<td width=\"82\">51 cm<\/td>\n<td width=\"57\">6 Unid<\/td>\n<td width=\"109\">1,000 Kg<\/td>\n<\/tr>\n<\/tbody>\n<\/table>\n","protected":false},"excerpt":{"rendered":"<p>Os Cestos Cinzeiros s\u00e3o produzidos em polipropileno com bojo em alum\u00ednio para dep\u00f3sito de cinzas [&hellip;]<\/p>\n","protected":false},"featured_media":2717,"comment_status":"closed","ping_status":"closed","template":"","meta":[],"product_brand":[],"product_cat":[248],"product_tag":[],"class_list":{"0":"post-2716","1":"product","2":"type-product","3":"status-publish","4":"has-post-thumbnail","6":"product_cat-cestos-e-cinzeiros","8":"first","9":"instock","10":"shipping-taxable","11":"product-type-simple"},"_links":{"self":[{"href":"https:\/\/www.kimarca.com.br\/site\/wp-json\/wp\/v2\/product\/2716","targetHints":{"allow":["GET"]}}],"collection":[{"href":"https:\/\/www.kimarca.com.br\/site\/wp-json\/wp\/v2\/product"}],"about":[{"href":"https:\/\/www.kimarca.com.br\/site\/wp-json\/wp\/v2\/types\/product"}],"replies":[{"embeddable":true,"href":"https:\/\/www.kimarca.com.br\/site\/wp-json\/wp\/v2\/comments?post=2716"}],"wp:featuredmedia":[{"embeddable":true,"href":"https:\/\/www.kimarca.com.br\/site\/wp-json\/wp\/v2\/media\/2717"}],"wp:attachment":[{"href":"https:\/\/www.kimarca.com.br\/site\/wp-json\/wp\/v2\/media?parent=2716"}],"wp:term":[{"taxonomy":"product_brand","embeddable":true,"href":"https:\/\/www.kimarca.com.br\/site\/wp-json\/wp\/v2\/product_brand?post=2716"},{"taxonomy":"product_cat","embeddable":true,"href":"https:\/\/www.kimarca.com.br\/site\/wp-json\/wp\/v2\/product_cat?post=2716"},{"taxonomy":"product_tag","embeddable":true,"href":"https:\/\/www.kimarca.com.br\/site\/wp-json\/wp\/v2\/product_tag?post=2716"}],"curies":[{"name":"wp","href":"https:\/\/api.w.org\/{rel}","templated":true}]}}